{"id":918,"date":"2019-10-29T11:32:52","date_gmt":"2019-10-29T08:32:52","guid":{"rendered":"http:\/\/gepomay.fr\/?page_id=918"},"modified":"2025-07-22T14:40:48","modified_gmt":"2025-07-22T11:40:48","slug":"actualites","status":"publish","type":"page","link":"https:\/\/gepomay.fr\/index.php\/test\/actualites\/","title":{"rendered":"Nos actualit\u00e9s"},"content":{"rendered":"\t\t<div data-elementor-type=\"wp-page\" data-elementor-id=\"918\" class=\"elementor elementor-918\">\n\t\t\t\t<div class=\"elementor-element elementor-element-71e558 e-flex e-con-boxed e-con e-parent\" data-id=\"71e558\" data-element_type=\"container\">\n\t\t\t\t\t<div class=\"e-con-inner\">\n\t\t\t\t<div class=\"elementor-element elementor-element-ca2aab9 elementor-widget elementor-widget-text-editor\" data-id=\"ca2aab9\" data-element_type=\"widget\" data-widget_type=\"text-editor.default\">\n\t\t\t\t<div class=\"elementor-widget-container\">\n\t\t\t\t\t\t\t\t\t<div class=\"elementor-element elementor-element-ec662b0 elementor-widget elementor-widget-text-editor\" data-id=\"ec662b0\" data-element_type=\"widget\" data-widget_type=\"text-editor.default\">\n<div class=\"elementor-widget-container\"><style>\n      .image-row {\n        max-width: 900px;\n        margin: 0 auto;\n        display: grid;\n        grid-template-columns: repeat(3, 1fr);\n        gap: 15px;\n      }\n\n      .image-row figure {\n        margin: 0;\n        border-radius: 8px;\n        overflow: hidden;\n        width: 100%;\n      }\n\n      .image-row img {\n        width: 100%;\n        height: 300px;\n        object-fit: cover;\n        object-position: center;\n        display: block;\n        border-radius: 8px;\n      }\n\n      .image-row figcaption {\n        margin-top: 6px;\n        font-size: 14px;\n        color: #555;\n        text-align: center;\n      }\n\n      \/* Tablette - 2 colonnes *\/\n      @media (max-width: 768px) {\n        .image-row {\n          grid-template-columns: repeat(2, 1fr);\n        }\n        .image-row img {\n          height: 250px;\n        }\n      }\n\n      \/* Mobile - 1 colonne *\/\n      @media (max-width: 480px) {\n        .image-row {\n          grid-template-columns: 1fr;\n          padding: 0 10px;\n        }\n        .image-row img {\n          height: 200px;\n        }\n      }\n    <\/style>\n<div class=\"image-row\">\n<figure><img decoding=\"async\" src=\"https:\/\/gepomay.fr\/wp-content\/uploads\/2022\/04\/GEP9035b-683x1024.jpg\" alt=\"Observation en nature\" \/>\n<figcaption>\u00a9 Thomas Ferrari<\/figcaption>\n<\/figure>\n<figure><img decoding=\"async\" src=\"https:\/\/gepomay.fr\/wp-content\/uploads\/2025\/03\/DJI_20250305154051_0055_D.jpg\" alt=\"Vue a\u00e9rienne \" \/>\n<figcaption>\u00a9DroneGo<\/figcaption>\n<\/figure>\n<figure><img decoding=\"async\" src=\"https:\/\/gepomay.fr\/wp-content\/uploads\/2022\/04\/2013.11.14_ADT8872-NIKON-D800E-LR-1-683x1024.jpg\" alt=\"baguage\" \/>\n<figcaption>\u00a9 Gilles ADT<\/figcaption>\n<\/figure>\n<\/div>\n<\/div>\n<\/div>\t\t\t\t\t\t\t\t<\/div>\n\t\t\t\t<\/div>\n\t\t\t\t<div class=\"elementor-element elementor-element-3fd2db0 elementor-widget elementor-widget-heading\" data-id=\"3fd2db0\" data-element_type=\"widget\" data-widget_type=\"heading.default\">\n\t\t\t\t<div class=\"elementor-widget-container\">\n\t\t\t\t\t<h2 class=\"elementor-heading-title elementor-size-default\"><div style=\"background-color: #7caacb;color: white;padding: 10px 30px;border-radius: 30px;text-align: center;margin-bottom: 20px\">\n<h2 style=\"font-size: 22px;margin: 0;color: #ffffff;font-weight: bold\">Tous nos  articles : suivez le GEPOMAY de pr\u00e8s !<\/h2><\/div><\/h2>\t\t\t\t<\/div>\n\t\t\t\t<\/div>\n\t\t\t\t<div class=\"elementor-element elementor-element-11ff846a elementor-widget elementor-widget-text-editor\" data-id=\"11ff846a\" data-element_type=\"widget\" data-widget_type=\"text-editor.default\">\n\t\t\t\t<div class=\"elementor-widget-container\">\n\t\t\t\t\t\t\t\t\t<p><\/p>\n<p>Consultez toutes nos fiches sur les <a href=\"https:\/\/gepomay.fr\/index.php\/oiseaux-de-mayotte\/\" target=\"_blank\" rel=\"noreferrer noopener\">oiseaux de Mayotte<\/a> : oiseaux du mois.<\/p>\n<p><\/p>\n<p><\/p>\n<p><strong>2025 :\u00a0<\/strong><\/p>\n<ul>\n<li><a href=\"https:\/\/gepomay.fr\/index.php\/2025\/03\/11\/retour-sur-la-reunion-publique-de-presentation-de-larriere-mangrove-de-la-baie-de-boueni-16-02-2025\/\">Retour sur la r\u00e9union publique de l&rsquo;arri\u00e8re-mangrove de la Baie de Bou\u00e9ni<\/a> &#8211; Mars 2025<\/li>\n<\/ul>\n<p><strong>2024 :<\/strong><\/p>\n<ul style=\"list-style-type: square;\">\n<li><a href=\"https:\/\/gepomay.fr\/index.php\/2024\/11\/15\/loiseau-du-mois-le-corbeau-pie\/\">L&rsquo;oiseau du mois : le Corbeau Pie<\/a> &#8211; Novembre 2024<\/li>\n<li><a href=\"https:\/\/gepomay.fr\/index.php\/2024\/10\/09\/nouvelle-fiche-oiseau-lepervier-de-frances\/\">L&rsquo;oiseau du mois : l&rsquo;Epervier de Franc\u00e8s<\/a> &#8211; Octobre 2024<\/li>\n<li><a href=\"https:\/\/gepomay.fr\/index.php\/2024\/01\/17\/loiseau-du-mois-le-grand-gravelot\/\">L&rsquo;oiseau du mois : le Grand Gravelot<\/a> &#8211; Janvier 2024<\/li>\n<\/ul>\n<p><strong>2023 :<\/strong><\/p>\n<ul>\n<li><a href=\"https:\/\/gepomay.fr\/index.php\/2023\/12\/20\/retour-sur-la-mission-de-replicabilite-des-resultats-en-faveur-du-crabier-blanc-ardeola-idae\/\">Retour sur la mission de r\u00e9plicabilit\u00e9 des r\u00e9sultats en faveur du Crabier blanc<\/a> &#8211; D\u00e9cembre 2023<\/li>\n<li><a href=\"https:\/\/gepomay.fr\/index.php\/2023\/11\/07\/mission-nature-soutient-le-projet-en-baie-de-boueni\/\">Mission nature soutient le projet en Baie de Bou\u00e9ni<\/a> &#8211; Novembre 2023<\/li>\n<li><a href=\"https:\/\/gepomay.fr\/index.php\/2023\/10\/25\/redecouvrez-nos-videos-de-presentation-de-faune\/\">(Re)d\u00e9couvrez nos vid\u00e9os de pr\u00e9sentation de Faune<\/a> &#8211; Octobre 2023<\/li>\n<li><a href=\"https:\/\/gepomay.fr\/index.php\/2023\/06\/15\/le-gepomay-devient-gestionnaire-de-deux-sites-naturels-du-conservatoire-du-littoral\/\">Le GEPOMAY devient gestionnaire de deux sites naturels du Conservatoire du Littoral<\/a> &#8211; Juin 2023<\/li>\n<li><a href=\"https:\/\/gepomay.fr\/index.php\/2023\/05\/31\/la-prairie-humide-de-mirereni-suit-les-traces-de-celle-de-malamani\/\">La prairie humide de Mir\u00e9r\u00e9ni suit les traces de celle de Malamani<\/a> &#8211; Mai 2023<\/li>\n<li><a href=\"https:\/\/gepomay.fr\/index.php\/2023\/04\/20\/et-le-gepomay-comptait-le-suivi-du-crabier-blanc-sur-ses-sites-dalimentation-on-vous-explique\/\" target=\"_blank\" rel=\"noopener\">Et le GEPOMAY comptait&#8230; Le suivi du Crabier blanc sur ses sites d&rsquo;alimentation : on vous explique.<\/a> &#8211; Avril 2023<\/li>\n<li><a href=\"https:\/\/gepomay.fr\/index.php\/2023\/01\/31\/celebrons-la-journee-mondiale-des-zones-humides\/\" target=\"_blank\" rel=\"noopener\">C\u00e9l\u00e9brons la Journ\u00e9e Mondiale des Zones Humides !<\/a> &#8211; Janvier 2023<\/li>\n<\/ul>\n<p><\/p>\n<p><\/p>\n<p><strong>2022 :<\/strong><\/p>\n<p><\/p>\n<p><\/p>\n<ul>\n<li><a href=\"https:\/\/gepomay.fr\/index.php\/2022\/12\/20\/un-protocole-de-suivi-des-crabiers-blancs-nicheurs-finalise-et-standardise-pour-mayotte\/\" target=\"_blank\" rel=\"noreferrer noopener\">Un protocole de suivi des Crabiers blancs nicheurs finalis\u00e9 et standardis\u00e9 pour Mayotte <\/a>&#8211; D\u00e9cembre 2022<\/li>\n<li><a href=\"https:\/\/gepomay.fr\/index.php\/2022\/11\/17\/la-lutte-contre-le-rat-noir-par-le-gepomay-pourquoi-et-comment\/\" target=\"_blank\" rel=\"noreferrer noopener\">La lutte contre le Rat noir par le GEPOMAY : pourquoi et comment ?<\/a> &#8211; Novembre 2022<\/li>\n<li><a href=\"https:\/\/gepomay.fr\/index.php\/2022\/10\/27\/la-prairie-humide-de-malamani-se-refait-une-beaute\/\" target=\"_blank\" rel=\"noreferrer noopener\">La prairie humide de Malamani se refait une beaut\u00e9 !<\/a> &#8211; Octobre 2022<\/li>\n<li><a href=\"https:\/\/gepomay.fr\/index.php\/2022\/09\/02\/ouverture-du-portail-faune-mayotte\/\" target=\"_blank\" rel=\"noreferrer noopener\">Ouverture du portail Faune-Mayotte<\/a> &#8211; Septembre 2022<\/li>\n<li><a href=\"https:\/\/gepomay.fr\/index.php\/2022\/09\/01\/echo-du-festival-exposition-urbaine-improvisee\/\" target=\"_blank\" rel=\"noreferrer noopener\">\u00c9cho du festival : exposition urbaine improvis\u00e9e<\/a> &#8211; Septembre 2022<\/li>\n<li><a href=\"https:\/\/gepomay.fr\/index.php\/2022\/08\/26\/premiere-edition-du-festival-en-faveur-des-especes-menacees-de-mayotte-ledition-crabier-blanc\/\" target=\"_blank\" rel=\"noreferrer noopener\">Premi\u00e8re \u00e9dition du festival en faveur des esp\u00e8ces menac\u00e9es de Mayotte : l&rsquo;\u00e9dition Crabier blanc <\/a>&#8211; Aout 2022<\/li>\n<li><a href=\"https:\/\/gepomay.fr\/index.php\/2022\/07\/19\/le-gepomay-detecte-de-mieux-en-mieux-les-crabiers-blancs\/\" target=\"_blank\" rel=\"noreferrer noopener\">Le GEPOMAY d\u00e9tecte de mieux en mieux les Crabiers blancs<\/a> &#8211; Juillet 2022<\/li>\n<li><a href=\"https:\/\/gepomay.fr\/index.php\/2022\/07\/07\/suivez-les-crabiers-blancs-avec-le-gepomay\/\" target=\"_blank\" rel=\"noreferrer noopener\">Suivez les Crabiers blancs avec le GEPOMAY<\/a> &#8211; Juillet 2022<\/li>\n<li><a href=\"https:\/\/gepomay.fr\/index.php\/2022\/06\/29\/une-sortie-a-iloni-avec-le-gepomay\/\" target=\"_blank\" rel=\"noreferrer noopener\">Une sortie \u00e0 Iloni avec le GEPOMAY<\/a> &#8211; Juin 2022<\/li>\n<li><a href=\"https:\/\/gepomay.fr\/index.php\/2022\/06\/23\/inauguration-de-lobservatoire-du-college-de-kwale\/\" target=\"_blank\" rel=\"noreferrer noopener\">Inauguration de l&rsquo;observatoire de Kwal\u00e9<\/a> &#8211; Juin 2022<\/li>\n<li><a href=\"https:\/\/gepomay.fr\/index.php\/2022\/05\/10\/bilan-n2-de-loocm-analyses-des-donnees-de-suivis-de-2012-a-2021\/\">Bilan n\u00b02 de l&rsquo;OOCM : analyses des donn\u00e9es de suivis de 2012 \u00e0 2021<\/a> &#8211; Mai 2021<\/li>\n<li><a href=\"https:\/\/gepomay.fr\/index.php\/2022\/04\/12\/se-faire-beau-pour-aller-nicher\/\" target=\"_blank\" rel=\"noreferrer noopener\">Se faire beau pour aller nicher<\/a> &#8211; Avril 2022<\/li>\n<li><a href=\"https:\/\/gepomay.fr\/index.php\/2022\/01\/14\/wetlands-international-zoome-sur-mayotte\/\" target=\"_blank\" rel=\"noreferrer noopener\">Wetlands International zoome sur Mayotte<\/a> &#8211; Janvier 2022<\/li>\n<\/ul>\n<p><\/p>\n<p><\/p>\n<p><strong>2021 : <\/strong><\/p>\n<p><\/p>\n<p><\/p>\n<ul>\n<li><a href=\"https:\/\/gepomay.fr\/index.php\/2021\/10\/22\/le-gepomay-au-congres-mondial-de-la-nature\/\" target=\"_blank\" rel=\"noreferrer noopener\">Le GEPOMAY aux assises du r\u00e9seau EEDD<\/a> &#8211; D\u00e9cembre 2021<\/li>\n<li><a href=\"https:\/\/gepomay.fr\/index.php\/2021\/10\/22\/le-gepomay-au-congres-mondial-de-la-nature\/\" target=\"_blank\" rel=\"noreferrer noopener\">Le GEPOMAY au congr\u00e8s mondial de la Nature <\/a>&#8211; Octobre 2021<\/li>\n<li><a href=\"https:\/\/gepomay.fr\/index.php\/2021\/07\/01\/le-gepomay-a-la-9eme-edition-de-la-fete-de-la-nature\/\" target=\"_blank\" rel=\"noreferrer noopener\">Le GEPOMAY \u00e0 la 9\u00e8me \u00e9dition de la F\u00eate de la Nature<\/a> &#8211; Juillet 2021<\/li>\n<\/ul>\n<p><\/p>\n<p><\/p>\n<p><strong>2020 :<\/strong><\/p>\n<p><\/p>\n<p><\/p>\n<ul>\n<li><a href=\"http:\/\/gepomay.fr\/index.php\/2020\/06\/03\/evolution-des-populations-de-crabier-blanc-entre-1993-et-2016-le-bilan\/\">\u00c9volution des populations de Crabier blanc entre 1993 et 2016, le bilan<\/a> &#8211; Juin 2020<\/li>\n<li><a href=\"http:\/\/gepomay.fr\/index.php\/2020\/06\/02\/quelles-especes-doiseaux-sont-menacees-a-mayotte\/\">Quelles esp\u00e8ces d&rsquo;oiseaux sont menac\u00e9es \u00e0 Mayotte ?<\/a> &#8211; Mai 2020<\/li>\n<li><a href=\"http:\/\/gepomay.fr\/index.php\/2020\/05\/27\/video-le-conte-dabdillah-le-souimanga\/\">VID\u00c9O : le conte d&rsquo;Abdillah le Souimanga<\/a> &#8211; Mai 2020<\/li>\n<li><a href=\"http:\/\/gepomay.fr\/index.php\/2020\/05\/11\/apprenez-les-chants-doiseaux-depuis-votre-fenetre\/\">Reconnaitre les chants d&rsquo;oiseaux depuis sa fen\u00eatre<\/a> &#8211; Avril 2020<\/li>\n<li><a href=\"http:\/\/gepomay.fr\/index.php\/2020\/03\/16\/nouvelle-mission-de-baguage-de-paille-en-queue\/\">Mission 14 : baguage de Paille-en-queue \u00e0 l&rsquo;\u00eelot Pouhou<\/a> &#8211; Mars 2020<\/li>\n<li><a href=\"http:\/\/gepomay.fr\/index.php\/2020\/02\/05\/video-namuje-mu-galiye-yi-crabier-blanc\/\">VID\u00c9O : namuj\u00e9 mu galiy\u00e9 yi Crabier blanc <\/a>&#8211; F\u00e9vrier 2020<\/li>\n<li><a href=\"http:\/\/gepomay.fr\/index.php\/2020\/01\/24\/pendant-le-mois-des-zones-humides-le-crabier-blanc-est-a-lhonneur\/\">Pendant le mois des zones humides, le Crabier blanc est \u00e0 l&rsquo;honneur <\/a>&#8211; Janvier 2020<\/li>\n<li><a href=\"http:\/\/gepomay.fr\/index.php\/2020\/01\/14\/un-depliant-pour-reconnaitre-le-crabier-blanc\/\">Un d\u00e9pliant pour reconnaitre le Crabier blanc <\/a>&#8211; Janvier 2020<\/li>\n<\/ul>\n<p><\/p>\n<p><\/p>\n<p><strong>2019 :<\/strong><\/p>\n<p><\/p>\n<p><\/p>\n<ul>\n<li><a href=\"http:\/\/gepomay.fr\/index.php\/2019\/12\/31\/la-cartographie-des-oiseaux-de-mayotte-enfin-disponible\/\">Enfin une carte pour savoir o\u00f9 observer les oiseaux \u00e0 Mayotte !<\/a> &#8211; D\u00e9cembre 2019<\/li>\n<li><a href=\"http:\/\/gepomay.fr\/index.php\/2019\/12\/23\/la-protection-du-faucon-pelerin-a-mayotte\/\">La protection du Faucon p\u00e8lerin \u00e0 Mayotte<\/a> &#8211; D\u00e9cembre 2019<\/li>\n<li><a href=\"http:\/\/gepomay.fr\/index.php\/2019\/12\/18\/video-decouvrez-le-programme-life-biodivom\/\">VID\u00c9O : d\u00e9couvrez le programme Life BIODIV&rsquo;OM<\/a> &#8211; D\u00e9cembre 2019<\/li>\n<li><a href=\"http:\/\/gepomay.fr\/index.php\/2019\/12\/18\/six-crabiers-blancs-equipes-de-balises-une-premiere-mondiale\/\">Six Crabiers blancs \u00e9quip\u00e9s de balises : une premi\u00e8re mondiale !<\/a> &#8211; D\u00e9cembre 2019<\/li>\n<li><a href=\"http:\/\/gepomay.fr\/index.php\/2019\/12\/03\/video-decouvrez-le-crabier-blanc\/\">VID\u00c9O : d\u00e9couvrez le Crabier blanc <\/a>! &#8211; D\u00e9cembre 2019<\/li>\n<li><a href=\"http:\/\/gepomay.fr\/index.php\/2019\/10\/29\/recensement-des-oiseaux-communs-sur-lilot-mbouzi\/\">Recensement des oiseaux communs sur l&rsquo;\u00eelot M&rsquo;Bouzi <\/a>&#8211; Octobre 2019<\/li>\n<\/ul>\n<p><\/p>\t\t\t\t\t\t\t\t<\/div>\n\t\t\t\t<\/div>\n\t\t\t\t<div class=\"elementor-element elementor-element-5ac1d4e elementor-widget elementor-widget-spacer\" data-id=\"5ac1d4e\" data-element_type=\"widget\" data-widget_type=\"spacer.default\">\n\t\t\t\t<div class=\"elementor-widget-container\">\n\t\t\t\t\t\t\t<div class=\"elementor-spacer\">\n\t\t\t<div class=\"elementor-spacer-inner\"><\/div>\n\t\t<\/div>\n\t\t\t\t\t\t<\/div>\n\t\t\t\t<\/div>\n\t\t\t\t\t<\/div>\n\t\t\t\t<\/div>\n\t\t\t\t<\/div>\n\t\t","protected":false},"excerpt":{"rendered":"<p>\u00a9 Thomas Ferrari \u00a9DroneGo \u00a9 Gilles ADT Tous nos articles : suivez le GEPOMAY de pr\u00e8s ! Consultez toutes nos fiches sur les oiseaux de Mayotte : oiseaux du mois. 2025 :\u00a0 Retour sur la r\u00e9union publique de l&rsquo;arri\u00e8re-mangrove de la Baie de Bou\u00e9ni &#8211; Mars 2025 2024 : L&rsquo;oiseau du mois : le Corbeau &hellip; <\/p>\n<p class=\"link-more\"><a href=\"https:\/\/gepomay.fr\/index.php\/test\/actualites\/\" class=\"more-link\">Lire la suite de<span class=\"screen-reader-text\">\u00ab\u00a0Nos actualit\u00e9s\u00a0\u00bb<\/span><\/a><\/p>\n","protected":false},"author":1,"featured_media":0,"parent":496,"menu_order":3,"comment_status":"closed","ping_status":"closed","template":"","meta":{"footnotes":""},"_links":{"self":[{"href":"https:\/\/gepomay.fr\/index.php\/wp-json\/wp\/v2\/pages\/918"}],"collection":[{"href":"https:\/\/gepomay.fr\/index.php\/wp-json\/wp\/v2\/pages"}],"about":[{"href":"https:\/\/gepomay.fr\/index.php\/wp-json\/wp\/v2\/types\/page"}],"author":[{"embeddable":true,"href":"https:\/\/gepomay.fr\/index.php\/wp-json\/wp\/v2\/users\/1"}],"replies":[{"embeddable":true,"href":"https:\/\/gepomay.fr\/index.php\/wp-json\/wp\/v2\/comments?post=918"}],"version-history":[{"count":82,"href":"https:\/\/gepomay.fr\/index.php\/wp-json\/wp\/v2\/pages\/918\/revisions"}],"predecessor-version":[{"id":5931,"href":"https:\/\/gepomay.fr\/index.php\/wp-json\/wp\/v2\/pages\/918\/revisions\/5931"}],"up":[{"embeddable":true,"href":"https:\/\/gepomay.fr\/index.php\/wp-json\/wp\/v2\/pages\/496"}],"wp:attachment":[{"href":"https:\/\/gepomay.fr\/index.php\/wp-json\/wp\/v2\/media?parent=918"}],"curies":[{"name":"wp","href":"https:\/\/api.w.org\/{rel}","templated":true}]}}