{"id":4007,"date":"2023-05-23T15:16:03","date_gmt":"2023-05-23T12:16:03","guid":{"rendered":"https:\/\/gepomay.fr\/?page_id=4007"},"modified":"2025-07-22T11:01:15","modified_gmt":"2025-07-22T08:01:15","slug":"rapports-dactivite","status":"publish","type":"page","link":"https:\/\/gepomay.fr\/index.php\/gepomay\/rapports-dactivite\/","title":{"rendered":"Rapports d&rsquo;activit\u00e9"},"content":{"rendered":"\t\t<div data-elementor-type=\"wp-page\" data-elementor-id=\"4007\" class=\"elementor elementor-4007\">\n\t\t\t\t<div class=\"elementor-element elementor-element-867b3b e-flex e-con-boxed e-con e-parent\" data-id=\"867b3b\" data-element_type=\"container\">\n\t\t\t\t\t<div class=\"e-con-inner\">\n\t\t\t\t<div class=\"elementor-element elementor-element-4b25cd5b elementor-widget__width-inherit elementor-widget elementor-widget-text-editor\" data-id=\"4b25cd5b\" data-element_type=\"widget\" data-widget_type=\"text-editor.default\">\n\t\t\t\t<div class=\"elementor-widget-container\">\n\t\t\t\t\t\t\t\t\t<p><\/p>\n<p style=\"font-size: 20px; color: #333333; margin-bottom: 15px;\">(Re)lisez nos derniers rapports d&rsquo;activit\u00e9 sur\u00a0<a style=\"font-family: var( --e-global-typography-text-font-family ), Sans-serif; font-weight: var( --e-global-typography-text-font-weight ); text-align: var(--text-align); background-color: #ffffff; font-size: 20px;\" href=\"https:\/\/www.calameo.com\/accounts\/7107637\" target=\"_blank\" rel=\"noopener\">calam\u00e9o<\/a><\/p>\n<p><a href=\"https:\/\/www.calameo.com\/read\/007107637616a59a48cd5\">Rapport d&rsquo;activit\u00e9 GEPOMAY 2024<\/a><\/p>\n<p><a href=\"https:\/\/www.calameo.com\/books\/007107637f434190a9326\">Rapport d&rsquo;activit\u00e9 GEPOMAY 2023<\/a><\/p>\n<p><a href=\"https:\/\/www.calameo.com\/books\/0071076375cac8a9fa47f\">Rapport d&rsquo;activit\u00e9 GEPOMAY 2022<\/a><\/p>\n<p><a href=\"https:\/\/gepomay.fr\/wp-content\/uploads\/2023\/05\/RA-2021_GEPOMAY_consultation.pdf\">Rapport d&rsquo;activit\u00e9 GEPOMAY_2021<\/a><\/p>\n<p><a href=\"https:\/\/gepomay.fr\/wp-content\/uploads\/2023\/05\/Rapport-activite-2020.pdf\">Rapport d&rsquo;activit\u00e9 GEPOMAY 2020<\/a><\/p>\n<p><a href=\"https:\/\/gepomay.fr\/wp-content\/uploads\/2019\/10\/Rapport-activit\u00e9s-GEPOMAY-2018-AG-du-2-novembre-2019.pdf\">Rapport d&rsquo;activit\u00e9 GEPOMAY 2018<\/a><\/p>\n<p><\/p>\t\t\t\t\t\t\t\t<\/div>\n\t\t\t\t<\/div>\n\t\t\t\t<div class=\"elementor-element elementor-element-20b6cf8 elementor-widget elementor-widget-spacer\" data-id=\"20b6cf8\" data-element_type=\"widget\" data-widget_type=\"spacer.default\">\n\t\t\t\t<div class=\"elementor-widget-container\">\n\t\t\t\t\t\t\t<div class=\"elementor-spacer\">\n\t\t\t<div class=\"elementor-spacer-inner\"><\/div>\n\t\t<\/div>\n\t\t\t\t\t\t<\/div>\n\t\t\t\t<\/div>\n\t\t\t\t\t<\/div>\n\t\t\t\t<\/div>\n\t\t<div class=\"elementor-element elementor-element-38eb834 e-flex e-con-boxed e-con e-parent\" data-id=\"38eb834\" data-element_type=\"container\">\n\t\t\t\t\t<div class=\"e-con-inner\">\n\t\t\t\t<div class=\"elementor-element elementor-element-2f02bbb elementor-widget elementor-widget-text-editor\" data-id=\"2f02bbb\" data-element_type=\"widget\" data-widget_type=\"text-editor.default\">\n\t\t\t\t<div class=\"elementor-widget-container\">\n\t\t\t\t\t\t\t\t\t<div style=\"width: 100%; overflow: hidden; margin-bottom: 10px;\">\n  <img decoding=\"async\" style=\"width: 100%; height: auto; max-height: 350px; object-fit: cover; object-position: center 55%; display: block;\" src=\"https:\/\/gepomay.fr\/wp-content\/uploads\/2025\/07\/P1020545.jpg\" alt=\"Cr\u00e9dit : Yannick St\u00e9phan\" \/>\n  <p style=\"font-size: 13px; color: #555; text-align: center; margin-top: 5px;\">Crabier blanc \u00e0 la Lagune d&rsquo;Ambato &#8211; Cr\u00e9dit : GEPOMAY<\/p>\n<\/div>\n\t\t\t\t\t\t\t\t<\/div>\n\t\t\t\t<\/div>\n\t\t\t\t<div class=\"elementor-element elementor-element-f334782 elementor-widget elementor-widget-spacer\" data-id=\"f334782\" data-element_type=\"widget\" data-widget_type=\"spacer.default\">\n\t\t\t\t<div class=\"elementor-widget-container\">\n\t\t\t\t\t\t\t<div class=\"elementor-spacer\">\n\t\t\t<div class=\"elementor-spacer-inner\"><\/div>\n\t\t<\/div>\n\t\t\t\t\t\t<\/div>\n\t\t\t\t<\/div>\n\t\t\t\t\t<\/div>\n\t\t\t\t<\/div>\n\t\t\t\t<\/div>\n\t\t","protected":false},"excerpt":{"rendered":"<p>(Re)lisez nos derniers rapports d&rsquo;activit\u00e9 sur\u00a0calam\u00e9o Rapport d&rsquo;activit\u00e9 GEPOMAY 2024 Rapport d&rsquo;activit\u00e9 GEPOMAY 2023 Rapport d&rsquo;activit\u00e9 GEPOMAY 2022 Rapport d&rsquo;activit\u00e9 GEPOMAY_2021 Rapport d&rsquo;activit\u00e9 GEPOMAY 2020 Rapport d&rsquo;activit\u00e9 GEPOMAY 2018 Crabier blanc \u00e0 la Lagune d&rsquo;Ambato &#8211; Cr\u00e9dit : GEPOMAY<\/p>\n","protected":false},"author":1,"featured_media":0,"parent":2,"menu_order":7,"comment_status":"closed","ping_status":"closed","template":"","meta":{"footnotes":""},"_links":{"self":[{"href":"https:\/\/gepomay.fr\/index.php\/wp-json\/wp\/v2\/pages\/4007"}],"collection":[{"href":"https:\/\/gepomay.fr\/index.php\/wp-json\/wp\/v2\/pages"}],"about":[{"href":"https:\/\/gepomay.fr\/index.php\/wp-json\/wp\/v2\/types\/page"}],"author":[{"embeddable":true,"href":"https:\/\/gepomay.fr\/index.php\/wp-json\/wp\/v2\/users\/1"}],"replies":[{"embeddable":true,"href":"https:\/\/gepomay.fr\/index.php\/wp-json\/wp\/v2\/comments?post=4007"}],"version-history":[{"count":29,"href":"https:\/\/gepomay.fr\/index.php\/wp-json\/wp\/v2\/pages\/4007\/revisions"}],"predecessor-version":[{"id":5804,"href":"https:\/\/gepomay.fr\/index.php\/wp-json\/wp\/v2\/pages\/4007\/revisions\/5804"}],"up":[{"embeddable":true,"href":"https:\/\/gepomay.fr\/index.php\/wp-json\/wp\/v2\/pages\/2"}],"wp:attachment":[{"href":"https:\/\/gepomay.fr\/index.php\/wp-json\/wp\/v2\/media?parent=4007"}],"curies":[{"name":"wp","href":"https:\/\/api.w.org\/{rel}","templated":true}]}}