{"id":3756,"date":"2023-03-10T08:36:23","date_gmt":"2023-03-10T05:36:23","guid":{"rendered":"https:\/\/gepomay.fr\/?page_id=3756"},"modified":"2025-07-22T11:05:59","modified_gmt":"2025-07-22T08:05:59","slug":"mayrefuges-lpo","status":"publish","type":"page","link":"https:\/\/gepomay.fr\/index.php\/benevoles\/mayrefuges-lpo\/","title":{"rendered":"Cr\u00e9er mon site May&rsquo;Refuge LPO pour la biodiversit\u00e9"},"content":{"rendered":"\t\t<div data-elementor-type=\"wp-page\" data-elementor-id=\"3756\" class=\"elementor elementor-3756\">\n\t\t\t\t<div class=\"elementor-element elementor-element-2af8ab1e e-flex e-con-boxed e-con e-parent\" data-id=\"2af8ab1e\" data-element_type=\"container\">\n\t\t\t\t\t<div class=\"e-con-inner\">\n\t\t\t\t<div class=\"elementor-element elementor-element-05f9e25 elementor-widget elementor-widget-text-editor\" data-id=\"05f9e25\" data-element_type=\"widget\" data-widget_type=\"text-editor.default\">\n\t\t\t\t<div class=\"elementor-widget-container\">\n\t\t\t\t\t\t\t\t\t<h4><span style=\"font-size: 14pt;\">Partenaire de la Ligue pour la Protection des Oiseaux en France m\u00e9tropolitaine, le Groupe d&rsquo;\u00c9tudes et de Protection des Oiseaux de Mayotte adapte la d\u00e9marche <a href=\"https:\/\/www.lpo.fr\/s-engager-a-nos-cotes\/creer-un-refuge-lpo\">Refuge LPO<\/a> \u00e0 notre territoire.\u00a0<\/span><\/h4>\n<p><span style=\"color: #262424;\">Le GEPOMAY vous accompagne dans la cr\u00e9ation d&rsquo;un <strong>site May&rsquo;Refuge LPO<\/strong> chez vous, dans votre entreprise ou dans votre collectivit\u00e9. Gr\u00e2ce au kit p\u00e9dagogique fourni et \u00e0 nos conseils, vous vous engagez \u00e0 cohabiter avec la faune sauvage et accueillir la flore indig\u00e8ne : cr\u00e9er un v\u00e9ritable <strong>refuge pour la biodiversit\u00e9 mahoraise<\/strong>.<\/span><\/p>\t\t\t\t\t\t\t\t<\/div>\n\t\t\t\t<\/div>\n\t\t\t\t<div class=\"elementor-element elementor-element-db9bc17 elementor-widget elementor-widget-spacer\" data-id=\"db9bc17\" data-element_type=\"widget\" data-widget_type=\"spacer.default\">\n\t\t\t\t<div class=\"elementor-widget-container\">\n\t\t\t\t\t\t\t<div class=\"elementor-spacer\">\n\t\t\t<div class=\"elementor-spacer-inner\"><\/div>\n\t\t<\/div>\n\t\t\t\t\t\t<\/div>\n\t\t\t\t<\/div>\n\t\t\t\t<div class=\"elementor-element elementor-element-b23cc98 elementor-widget elementor-widget-heading\" data-id=\"b23cc98\" data-element_type=\"widget\" data-widget_type=\"heading.default\">\n\t\t\t\t<div class=\"elementor-widget-container\">\n\t\t\t\t\t<h2 class=\"elementor-heading-title elementor-size-default\"><!-- Section contexte-->\n<div style=\"background-color: #7caacb;color: white;padding: 5px 30px;border-radius: 30px;text-align: center;margin-bottom: 20px\">\n    <h2 style=\"font-size: 22px;margin: 0;color: #ffffff;font-weight: bold\">Vous souhaitez mettre en place un May'Refuge LPO sur votre terrain ?<\/h2>\n<\/div><\/h2>\t\t\t\t<\/div>\n\t\t\t\t<\/div>\n\t\t\t\t<div class=\"elementor-element elementor-element-1078ff0 elementor-widget elementor-widget-text-editor\" data-id=\"1078ff0\" data-element_type=\"widget\" data-widget_type=\"text-editor.default\">\n\t\t\t\t<div class=\"elementor-widget-container\">\n\t\t\t\t\t\t\t\t\t<p><span style=\"color: #333333;\"><strong>Entreprises<\/strong> et <strong>collectivit\u00e9s<\/strong>, pour aller plus loin contactez le GEPOMAY et accueillez un site <em>May\u2019Refuge LPO<\/em> chez vous !<\/span><\/p>\n<p><span style=\"color: #333333;\">Pour les particuliers, encore un peu de patience. Les premiers mois nous permettent de tester la d\u00e9marche et nous travaillons pour la mettre \u00e0 disposition de tous mais n\u2019h\u00e9sitez pas \u00e0 nous contacter d\u00e8s maintenant si vous \u00eates int\u00e9ress\u00e9s !<\/span><\/p>\n<div style=\"background-color: #fff3cd; border-left: 6px solid #ffce00; padding: 15px 20px; border-radius: 5px; margin: 20px 0;\">\n<p style=\"margin: 0; font-size: 20px; color: #333;\"><strong>Rendez-vous sur notre page <em>May&rsquo;Refuges<\/em><\/strong> \u27a1\ufe0f <a style=\"color: #0056b3; text-decoration: underline;\" href=\"https:\/\/gepomay.fr\/index.php\/projets\/refuges-pour-la-biodiversite\/\"> En savoir plus sur le projet <\/a><\/p>\t\t\t\t\t\t\t\t<\/div>\n\t\t\t\t<\/div>\n\t\t\t\t<div class=\"elementor-element elementor-element-0e524a0 elementor-widget elementor-widget-heading\" data-id=\"0e524a0\" data-element_type=\"widget\" data-widget_type=\"heading.default\">\n\t\t\t\t<div class=\"elementor-widget-container\">\n\t\t\t\t\t<h2 class=\"elementor-heading-title elementor-size-default\"><!-- Section contexte-->\n<div style=\"background-color: #7caacb;color: white;padding: 5px 30px;border-radius: 30px;text-align: center;margin-bottom: 20px\">\n    <h2 style=\"font-size: 22px;margin: 0;color: #ffffff;font-weight: bold\">Les \u00e9tapes \u00e0 suivre<\/h2>\n<\/div><\/h2>\t\t\t\t<\/div>\n\t\t\t\t<\/div>\n\t\t\t\t<div class=\"elementor-element elementor-element-2ab0055a elementor-widget elementor-widget-text-editor\" data-id=\"2ab0055a\" data-element_type=\"widget\" data-widget_type=\"text-editor.default\">\n\t\t\t\t<div class=\"elementor-widget-container\">\n\t\t\t\t\t\t\t\t\t<ul style=\"list-style-type: disc;\">\n<li><span style=\"color: #262424;\">Prise de rendez-vous<\/span><\/li>\n<li><span style=\"color: #262424;\">\u00c9valuation du site et des bonnes pratiques appliqu\u00e9es<\/span><\/li>\n<li><span style=\"color: #262424;\">Proposition d&rsquo;actions\u00a0<\/span><\/li>\n<li><span style=\"color: #262424;\">Adh\u00e9sion \u00e0 la charte des bonnes pratiques May&rsquo;Refuges LPO<\/span><\/li>\n<li><span style=\"color: #262424;\">R\u00e9ception du kit p\u00e9dagogique May&rsquo;Refuge LPO et accompagnement<\/span><\/li>\n<li><span style=\"color: #262424;\">Application des 15 gestes cl\u00e9s May&rsquo;Refuges LPO\u00a0\u00a0<\/span><\/li>\n<li><span style=\"color: #262424;\">Installation de votre panneau May&rsquo;Refuge LPO<\/span><\/li>\n<\/ul>\n<p>&nbsp;<\/p>\n<p><span style=\"color: #333333; font-family: var( --e-global-typography-text-font-family ), Sans-serif; font-weight: var( --e-global-typography-text-font-weight ); text-align: var(--text-align);\">Contactez-nous :\u00a0 <\/span><a style=\"font-family: var( --e-global-typography-text-font-family ), Sans-serif; text-align: var(--text-align); display: inline-block; padding: 10px 20px; background-color: #8de3d7; color: #000000; border-radius: 5px; font-weight: bold;\" href=\"mailto:mayrefuges@gepomay.fr \">mayrefuges@gepomay.fr<\/a><\/p>\n<figure class=\"wp-block-gallery has-nested-images columns-default is-cropped\">\n<figure class=\"wp-block-image size-large\"><\/figure>\n<p><!-- \/wp:image --><\/p>\n<\/figure>\n<p><!-- \/wp:gallery --><\/p>\n<p><!-- wp:tadv\/classic-paragraph \/--><\/p>\t\t\t\t\t\t\t\t<\/div>\n\t\t\t\t<\/div>\n\t\t\t\t<div class=\"elementor-element elementor-element-31281bd elementor-widget elementor-widget-text-editor\" data-id=\"31281bd\" data-element_type=\"widget\" data-widget_type=\"text-editor.default\">\n\t\t\t\t<div class=\"elementor-widget-container\">\n\t\t\t\t\t\t\t\t\t<div class=\"image-gallery\" style=\"text-align: center; margin-bottom: 15px;\">\n<figure class=\"wp-block-image size-large\" style=\"display: flex; justify-content: center; gap: 10px; flex-wrap: wrap; margin: 0;\"><img fetchpriority=\"high\" decoding=\"async\" class=\"wp-image-3904\" src=\"https:\/\/gepomay.fr\/wp-content\/uploads\/2023\/05\/IMG20230404103340-768x1024.jpg\" alt=\"\" width=\"358\" height=\"477\" \/> <img decoding=\"async\" class=\"wp-image-3909\" src=\"https:\/\/gepomay.fr\/wp-content\/uploads\/2023\/05\/IMG20230401113121-768x1024.jpg\" alt=\"\" width=\"358\" height=\"477\" \/> <img decoding=\"async\" class=\"wp-image-3910\" src=\"https:\/\/gepomay.fr\/wp-content\/uploads\/2023\/05\/GEP4963-683x1024.jpg\" alt=\"\" width=\"318\" height=\"477\" \/>\n<figcaption style=\"width: 100%; font-size: 14px; color: #555; margin-top: 8px;\">Installation des panneaux et des am\u00e9nagements en faveur de la biodiversit\u00e9 sur les sites \u00ab\u00a0May&rsquo;Refuges LPO\u00a0\u00bb &#8211; Cr\u00e9dit : GEPOMAY<\/figcaption>\n<\/figure>\n<\/div>\t\t\t\t\t\t\t\t<\/div>\n\t\t\t\t<\/div>\n\t\t\t\t\t<\/div>\n\t\t\t\t<\/div>\n\t\t<div class=\"elementor-element elementor-element-3f77dc9 e-flex e-con-boxed e-con e-parent\" data-id=\"3f77dc9\" data-element_type=\"container\">\n\t\t\t\t\t<div class=\"e-con-inner\">\n\t\t\t\t<div class=\"elementor-element elementor-element-f758eb0 elementor-widget elementor-widget-spacer\" data-id=\"f758eb0\" data-element_type=\"widget\" data-widget_type=\"spacer.default\">\n\t\t\t\t<div class=\"elementor-widget-container\">\n\t\t\t\t\t\t\t<div class=\"elementor-spacer\">\n\t\t\t<div class=\"elementor-spacer-inner\"><\/div>\n\t\t<\/div>\n\t\t\t\t\t\t<\/div>\n\t\t\t\t<\/div>\n\t\t\t\t\t<\/div>\n\t\t\t\t<\/div>\n\t\t\t\t<\/div>\n\t\t","protected":false},"excerpt":{"rendered":"<p>Partenaire de la Ligue pour la Protection des Oiseaux en France m\u00e9tropolitaine, le Groupe d&rsquo;\u00c9tudes et de Protection des Oiseaux de Mayotte adapte la d\u00e9marche Refuge LPO \u00e0 notre territoire.\u00a0 Le GEPOMAY vous accompagne dans la cr\u00e9ation d&rsquo;un site May&rsquo;Refuge LPO chez vous, dans votre entreprise ou dans votre collectivit\u00e9. Gr\u00e2ce au kit p\u00e9dagogique fourni &hellip; <\/p>\n<p class=\"link-more\"><a href=\"https:\/\/gepomay.fr\/index.php\/benevoles\/mayrefuges-lpo\/\" class=\"more-link\">Lire la suite de<span class=\"screen-reader-text\">\u00ab\u00a0Cr\u00e9er mon site May&rsquo;Refuge LPO pour la biodiversit\u00e9\u00a0\u00bb<\/span><\/a><\/p>\n","protected":false},"author":1,"featured_media":0,"parent":2123,"menu_order":3,"comment_status":"closed","ping_status":"closed","template":"","meta":{"footnotes":""},"_links":{"self":[{"href":"https:\/\/gepomay.fr\/index.php\/wp-json\/wp\/v2\/pages\/3756"}],"collection":[{"href":"https:\/\/gepomay.fr\/index.php\/wp-json\/wp\/v2\/pages"}],"about":[{"href":"https:\/\/gepomay.fr\/index.php\/wp-json\/wp\/v2\/types\/page"}],"author":[{"embeddable":true,"href":"https:\/\/gepomay.fr\/index.php\/wp-json\/wp\/v2\/users\/1"}],"replies":[{"embeddable":true,"href":"https:\/\/gepomay.fr\/index.php\/wp-json\/wp\/v2\/comments?post=3756"}],"version-history":[{"count":38,"href":"https:\/\/gepomay.fr\/index.php\/wp-json\/wp\/v2\/pages\/3756\/revisions"}],"predecessor-version":[{"id":5816,"href":"https:\/\/gepomay.fr\/index.php\/wp-json\/wp\/v2\/pages\/3756\/revisions\/5816"}],"up":[{"embeddable":true,"href":"https:\/\/gepomay.fr\/index.php\/wp-json\/wp\/v2\/pages\/2123"}],"wp:attachment":[{"href":"https:\/\/gepomay.fr\/index.php\/wp-json\/wp\/v2\/media?parent=3756"}],"curies":[{"name":"wp","href":"https:\/\/api.w.org\/{rel}","templated":true}]}}