{"id":2125,"date":"2020-07-22T14:32:10","date_gmt":"2020-07-22T11:32:10","guid":{"rendered":"http:\/\/gepomay.fr\/?page_id=2125"},"modified":"2025-07-22T11:33:03","modified_gmt":"2025-07-22T08:33:03","slug":"stoc-udunga-nyunyi","status":"publish","type":"page","link":"https:\/\/gepomay.fr\/index.php\/projets\/stoc-udunga-nyunyi\/","title":{"rendered":"STOC &#8211; Udunga nyunyi"},"content":{"rendered":"\t\t<div data-elementor-type=\"wp-page\" data-elementor-id=\"2125\" class=\"elementor elementor-2125\">\n\t\t\t\t<div class=\"elementor-element elementor-element-65688dff e-flex e-con-boxed e-con e-parent\" data-id=\"65688dff\" data-element_type=\"container\">\n\t\t\t\t\t<div class=\"e-con-inner\">\n\t\t\t\t<div class=\"elementor-element elementor-element-bfdaefb elementor-widget elementor-widget-text-editor\" data-id=\"bfdaefb\" data-element_type=\"widget\" data-widget_type=\"text-editor.default\">\n\t\t\t\t<div class=\"elementor-widget-container\">\n\t\t\t\t\t\t\t\t\t<!-- Section contexte-->\n<div style=\"background-color: #2d5572; color: white; padding: 5px 30px; border-radius: 30px; text-align: center; margin-bottom: 20px; display: inline-block;\">\n<h2 style=\"font-size: 22px; margin: 0; color: #ffffff; font-weight: bold;\">Le STOC de Mayotte est le Suivi Temporel des Oiseaux Communs de Mayotte : un programme de sciences participatives auquel vous pouvez participer \u00e0 aux c\u00f4t\u00e9s du GEPOMAY !<\/h2>\n<\/div>\t\t\t\t\t\t\t\t<\/div>\n\t\t\t\t<\/div>\n\t\t\t\t<div class=\"elementor-element elementor-element-2c007ca elementor-widget elementor-widget-text-editor\" data-id=\"2c007ca\" data-element_type=\"widget\" data-widget_type=\"text-editor.default\">\n\t\t\t\t<div class=\"elementor-widget-container\">\n\t\t\t\t\t\t\t\t\t<p style=\"text-align: justify;\"><span style=\"color: #000000;\">Les oiseaux communs sont de tr\u00e8s bons indicateurs de l&rsquo;\u00e9tat de sant\u00e9 des \u00e9cosyst\u00e8mes notamment car ils sont sensibles aux modifications de leur habitat : d\u00e9gradation des sols, d\u00e9rangement, apparition d&rsquo;esp\u00e8ces exotiques&#8230; On peut donc facilement analyser les liens entre l&rsquo;\u00e9volution des populations d&rsquo;oiseaux communs et la qualit\u00e9 des milieux naturels. Face \u00e0 l&rsquo;\u00e9rosion g\u00e9n\u00e9rale de la biodiversit\u00e9, le GEPOMAY a choisi d&rsquo;\u00e9tudier les oiseaux communs gr\u00e2ce \u00e0 un <strong>outil de science participative<\/strong> : le STOC.\u00a0<\/span><\/p>\n<p style=\"text-align: justify;\"><span style=\"color: #000000;\"><span style=\"text-align: start;\">En multipliant les observateurs et les sites d&rsquo;observations : nous pouvons regrouper ensemble une plus grande quantit\u00e9 de donn\u00e9es sur une \u00e9chelle spatio-temporelle plus large. Ce projet voit le jour en 2020 : le GEPOMAY appelle aux b\u00e9n\u00e9voles pour mettre en place des suivis d&rsquo;observateurs particuliers en plus des recherches de l&rsquo;association. Les personnes volontaires b\u00e9n\u00e9ficient d&rsquo;une\u00a0<\/span><span style=\"text-align: start; font-weight: bold;\">formation<\/span><span style=\"text-align: start;\">\u00a0et de supports p\u00e9dagogiques pour\u00a0<\/span><span style=\"text-align: start; font-weight: bold;\">apprendre \u00e0 reconna\u00eetre les oiseaux communs et leurs chants<\/span><span style=\"text-align: start;\">. Ils choisissent ensuite un itin\u00e9raire de 10 points d&rsquo;\u00e9coute (environ 300 m de distance entre chaque point ; 5 min \u00e0 chaque point) \u00e0 r\u00e9aliser deux fois durant la saison de reproduction entre octobre et d\u00e9cembre.\u00a0<\/span><\/span><\/p>\t\t\t\t\t\t\t\t<\/div>\n\t\t\t\t<\/div>\n\t\t\t\t<div class=\"elementor-element elementor-element-fb16759 elementor-widget elementor-widget-text-editor\" data-id=\"fb16759\" data-element_type=\"widget\" data-widget_type=\"text-editor.default\">\n\t\t\t\t<div class=\"elementor-widget-container\">\n\t\t\t\t\t\t\t\t\t<div style=\"display: flex; gap: 20px; flex-wrap: wrap; justify-content: center; margin-bottom: 20px;\">\n<figure style=\"flex: 1; min-width: 300px; max-width: 32%; text-align: center; margin: 0;\"><img decoding=\"async\" style=\"width: 100%; height: 400px; object-fit: cover; object-position: center; border-radius: 5px;\" src=\"https:\/\/gepomay.fr\/wp-content\/uploads\/2023\/05\/IMG20221007145910-768x1024.jpg\" alt=\"Formation STOC sur le terrain\" \/>\n<figcaption style=\"margin-top: 8px; font-size: 14px; color: #555;\">Formation STOC sur le terrain<\/figcaption>\n<\/figure>\n<figure style=\"flex: 1; min-width: 300px; max-width: 32%; text-align: center; margin: 0;\"><img decoding=\"async\" style=\"width: 100%; height: 400px; object-fit: cover; object-position: center; border-radius: 5px;\" src=\"https:\/\/gepomay.fr\/wp-content\/uploads\/2023\/05\/drongo_patrick_ingremeau-683x1024.jpg\" alt=\"Le Drongo de Mayotte\" \/>\n<figcaption style=\"margin-top: 8px; font-size: 14px; color: #555;\">Le Drongo de Mayotte \u00a9 Patrick Ingr\u00e9meau<\/figcaption>\n<\/figure>\n<figure style=\"flex: 1; min-width: 300px; max-width: 32%; text-align: center; margin: 0;\"><img decoding=\"async\" style=\"width: 100%; height: 400px; object-fit: cover; object-position: center; border-radius: 5px;\" src=\"https:\/\/gepomay.fr\/wp-content\/uploads\/2023\/05\/IMG20220828100814-1024x768.jpg\" alt=\"Matin\u00e9e des b\u00e9n\u00e9voles\" \/>\n<figcaption style=\"margin-top: 8px; font-size: 14px; color: #555;\">Matin\u00e9e des b\u00e9n\u00e9voles organis\u00e9e par le GEPOMAY<\/figcaption>\n<\/figure>\n<\/div>\t\t\t\t\t\t\t\t<\/div>\n\t\t\t\t<\/div>\n\t\t\t\t<div class=\"elementor-element elementor-element-2df85b4 elementor-widget elementor-widget-text-editor\" data-id=\"2df85b4\" data-element_type=\"widget\" data-widget_type=\"text-editor.default\">\n\t\t\t\t<div class=\"elementor-widget-container\">\n\t\t\t\t\t\t\t\t\t<p style=\"text-align: justify;\"><span style=\"color: #000000;\">Le GEPOMAY accorde une grande importance \u00e0 la communication avec les b\u00e9n\u00e9voles : un groupe Whatsapp permet de poser des questions, d&rsquo;\u00e9changes des informations ou de demander un accompagnement suppl\u00e9mentaire. Des matin\u00e9es d&rsquo;\u00e9changes conviviales sont organis\u00e9es pour remercier le r\u00e9seau de b\u00e9n\u00e9voles et leur pr\u00e9senter les r\u00e9sultats obtenus gr\u00e2ce \u00e0 leurs donn\u00e9es.\u00a0<\/span><\/p>\n<p style=\"text-align: justify;\"><span style=\"color: #000000;\">Le GEPOMAY tient \u00e0 remercier chaleureusement les\u00a0<strong>16 b\u00e9n\u00e9voles impliqu\u00e9s<\/strong>\u00a0dans l&rsquo;observation et le suivi des oiseaux communs de Mayotte : l&rsquo;am\u00e9lioration des connaissances sur ces esp\u00e8ces, leur r\u00e9partition et leurs milieux passe par vous !\u00a0<\/span><\/p>\t\t\t\t\t\t\t\t<\/div>\n\t\t\t\t<\/div>\n\t\t\t\t<div class=\"elementor-element elementor-element-70dc1e2 elementor-widget elementor-widget-spacer\" data-id=\"70dc1e2\" data-element_type=\"widget\" data-widget_type=\"spacer.default\">\n\t\t\t\t<div class=\"elementor-widget-container\">\n\t\t\t\t\t\t\t<div class=\"elementor-spacer\">\n\t\t\t<div class=\"elementor-spacer-inner\"><\/div>\n\t\t<\/div>\n\t\t\t\t\t\t<\/div>\n\t\t\t\t<\/div>\n\t\t\t\t<div class=\"elementor-element elementor-element-a687935 elementor-widget elementor-widget-heading\" data-id=\"a687935\" data-element_type=\"widget\" data-widget_type=\"heading.default\">\n\t\t\t\t<div class=\"elementor-widget-container\">\n\t\t\t\t\t<h2 class=\"elementor-heading-title elementor-size-default\"><!-- Section contexte-->\n<div style=\"background-color: #7caacb;color: white;padding: 5px 30px;border-radius: 30px;text-align: center;margin-bottom: 20px\">\n<h2 style=\"font-size: 22px;margin: 0;color: #ffffff;font-weight: bold\">Avec les partenaires aussi !<\/h2><\/h2>\t\t\t\t<\/div>\n\t\t\t\t<\/div>\n\t\t\t\t<div class=\"elementor-element elementor-element-c2d5bc7 elementor-widget elementor-widget-text-editor\" data-id=\"c2d5bc7\" data-element_type=\"widget\" data-widget_type=\"text-editor.default\">\n\t\t\t\t<div class=\"elementor-widget-container\">\n\t\t\t\t\t\t\t\t\t<p style=\"text-align: justify;\"><span style=\"color: #000000;\">Deux itin\u00e9raires STOC sont r\u00e9alis\u00e9s en partenariat avec l&rsquo;association<\/span> <a href=\"https:\/\/www.naturalistesmayotte.fr\/\" target=\"_blank\" rel=\"noopener\">Les Naturalistes de Mayotte<\/a><span style=\"color: #000000;\">\u00a0:<\/span><\/p>\n<ul>\n<li style=\"text-align: justify;\"><span style=\"color: #000000;\">Si les suivis avifaunistiques ont lieu sur la\u00a0<strong>R\u00e9serve Naturelle Nationale de l&rsquo;\u00eelot M&rsquo;Bouzi<\/strong> depuis 2012, le nouveau protocole du STOC y est appliqu\u00e9 depuis 2021 par les salari\u00e9s de la RNN apr\u00e8s formation par le GEPOMAY.\u00a0<\/span><\/li>\n<li style=\"text-align: justify;\"><span style=\"color: #000000;\">Le GEPOMAY r\u00e9alise un relev\u00e9 sur l&rsquo;<strong>Espace Naturel Sensible de Bou\u00e9ni<\/strong>, g\u00e9r\u00e9 par les Naturalistes de Mayotte, depuis 2022.<\/span><\/li>\n<\/ul>\t\t\t\t\t\t\t\t<\/div>\n\t\t\t\t<\/div>\n\t\t\t\t<div class=\"elementor-element elementor-element-c78eb10 elementor-widget elementor-widget-spacer\" data-id=\"c78eb10\" data-element_type=\"widget\" data-widget_type=\"spacer.default\">\n\t\t\t\t<div class=\"elementor-widget-container\">\n\t\t\t\t\t\t\t<div class=\"elementor-spacer\">\n\t\t\t<div class=\"elementor-spacer-inner\"><\/div>\n\t\t<\/div>\n\t\t\t\t\t\t<\/div>\n\t\t\t\t<\/div>\n\t\t\t\t<div class=\"elementor-element elementor-element-2a2ae2f elementor-widget elementor-widget-heading\" data-id=\"2a2ae2f\" data-element_type=\"widget\" data-widget_type=\"heading.default\">\n\t\t\t\t<div class=\"elementor-widget-container\">\n\t\t\t\t\t<h2 class=\"elementor-heading-title elementor-size-default\"><!-- Section contexte-->\n<div style=\"background-color: #7caacb;color: white;padding: 5px 30px;border-radius: 30px;text-align: center;margin-bottom: 20px\">\n<h2 style=\"font-size: 22px;margin: 0;color: #ffffff;font-weight: bold\">Vous \u00eates b\u00e9n\u00e9vole du STOC - Udunga nyunyi ?<\/h2><\/h2>\t\t\t\t<\/div>\n\t\t\t\t<\/div>\n\t\t\t\t<div class=\"elementor-element elementor-element-66cdc81 elementor-widget elementor-widget-text-editor\" data-id=\"66cdc81\" data-element_type=\"widget\" data-widget_type=\"text-editor.default\">\n\t\t\t\t<div class=\"elementor-widget-container\">\n\t\t\t\t\t\t\t\t\t<div style=\"display: flex; flex-wrap: wrap; gap: 20px; justify-content: center; font-family: Arial, sans-serif;\"><!-- Bloc 1 - Sonoth\u00e8que -->\n<div style=\"flex: 1 1 300px; background-color: #e6f2fa; border: 1px solid #b3d7ea; padding: 20px; border-radius: 8px; box-shadow: 0 2px 5px rgba(0,0,0,0.05);\">\n<h4 style=\"margin-top: 0;\">\ud83c\udfa7 Sonoth\u00e8que<\/h4>\n<p>\u00c9coutez et apprenez \u00e0 reconna\u00eetre les chants des oiseaux de Mayotte.<\/p>\n<a style=\"color: #0073aa; font-weight: bold;\" href=\"http:\/\/gepomay.fr\/index.php\/chants-doiseaux\/\" target=\"_blank\" rel=\"noopener\">\ud83d\udc49 Acc\u00e9der<\/a><\/div>\n<!-- Bloc 2 - Quiz -->\n<div style=\"flex: 1 1 300px; background-color: #e6f2fa; border: 1px solid #b3d7ea; padding: 20px; border-radius: 8px; box-shadow: 0 2px 5px rgba(0,0,0,0.05);\">\n<h4 style=\"margin-top: 0;\">\ud83e\udde0 Quiz oiseaux<\/h4>\n<p>Mettez vos connaissances \u00e0 l\u2019\u00e9preuve avec un quiz sur l\u2019avifaune locale.<\/p>\n<a style=\"color: #0073aa; font-weight: bold;\" href=\"https:\/\/forms.gle\/x8R2CLkyjsbWhqhH6\" target=\"_blank\" rel=\"noopener\">\ud83d\udc49 Faire le test<\/a><\/div>\n<!-- Bloc 3 - Fiches esp\u00e8ces -->\n<div style=\"flex: 1 1 300px; background-color: #e6f2fa; border: 1px solid #b3d7ea; padding: 20px; border-radius: 8px; box-shadow: 0 2px 5px rgba(0,0,0,0.05);\">\n<h4 style=\"margin-top: 0;\">\ud83d\udcc4 Fiches esp\u00e8ces<\/h4>\n<p>Consultez et t\u00e9l\u00e9chargez des fiches d\u00e9taill\u00e9es sur les oiseaux de Mayotte.<\/p>\n<a style=\"color: #0073aa; font-weight: bold;\" href=\"http:\/\/gepomay.fr\/wp-content\/uploads\/2020\/08\/fiche-esp\u00e8ce-V3.pdf\" target=\"_blank\" rel=\"noopener\">\ud83d\udc49 Voir les fiches<\/a><br \/><a style=\"color: #0073aa; font-weight: bold;\" href=\"http:\/\/gepomay.fr\/wp-content\/uploads\/2020\/08\/fiche-esp\u00e8ce-V3.pdf\" download=\"\">\ud83d\udce5 T\u00e9l\u00e9charger<\/a><\/div>\n<\/div>\t\t\t\t\t\t\t\t<\/div>\n\t\t\t\t<\/div>\n\t\t\t\t<div class=\"elementor-element elementor-element-9781117 elementor-widget elementor-widget-spacer\" data-id=\"9781117\" data-element_type=\"widget\" data-widget_type=\"spacer.default\">\n\t\t\t\t<div class=\"elementor-widget-container\">\n\t\t\t\t\t\t\t<div class=\"elementor-spacer\">\n\t\t\t<div class=\"elementor-spacer-inner\"><\/div>\n\t\t<\/div>\n\t\t\t\t\t\t<\/div>\n\t\t\t\t<\/div>\n\t\t\t\t<div class=\"elementor-element elementor-element-246053c elementor-widget elementor-widget-heading\" data-id=\"246053c\" data-element_type=\"widget\" data-widget_type=\"heading.default\">\n\t\t\t\t<div class=\"elementor-widget-container\">\n\t\t\t\t\t<h2 class=\"elementor-heading-title elementor-size-default\"><!-- Section contexte-->\n<div style=\"background-color: #7caacb;color: white;padding: 5px 30px;border-radius: 30px;text-align: center;margin-bottom: 20px\">\n<h2 style=\"font-size: 22px;margin: 0;color: #ffffff;font-weight: bold\">Vous \u00eates int\u00e9ress\u00e9 par l'ornithologie et vous souhaitez participer au STOC de Mayotte ?<\/h2><\/h2>\t\t\t\t<\/div>\n\t\t\t\t<\/div>\n\t\t\t\t<div class=\"elementor-element elementor-element-6251484 elementor-widget elementor-widget-text-editor\" data-id=\"6251484\" data-element_type=\"widget\" data-widget_type=\"text-editor.default\">\n\t\t\t\t<div class=\"elementor-widget-container\">\n\t\t\t\t\t\t\t\t\t<div style=\"background-color: #e6f2fa; border: 1px solid #b3d7ea; border-radius: 8px; padding: 12px 20px; font-family: Arial, sans-serif; font-size: 16px; display: flex; align-items: center; gap: 10px; width: 100%; box-shadow: 0 2px 5px rgba(0,0,0,0.05); box-sizing: border-box;\">\ud83d\udcd8 <strong>Pour aller plus loin :<\/strong>\u00a0 <a style=\"color: #0073aa; font-weight: bold; text-decoration: none;\" href=\"http:\/\/www.vigienature.fr\/fr\/suivi-temporel-des-oiseaux-communs-stoc\" target=\"_blank\" rel=\"noopener\"> le protocole en d\u00e9tails sur le site de Vigie-Nature <\/a><\/div>\n<p><!-- \/wp:paragraph --><\/p>\n<p><!-- wp:paragraph --><\/p>\n<div style=\"display: flex; justify-content: center; align-items: center; text-align: center; width: 100%; margin: 20px 0;\">\n<div style=\"font-family: Arial, sans-serif;\"><span style=\"color: #333333; font-size: 1em; font-weight: normal;\"> Contactez-nous : <\/span> <a style=\"display: inline-block; margin-left: 10px; padding: 10px 20px; background-color: #8de3d7; color: #000000; border-radius: 5px; font-weight: bold; text-decoration: none;\" href=\"mailto:stoc-mayotte@gepomay.fr\"> stoc-mayotte@gepomay.fr <\/a><\/div>\n<\/div>\t\t\t\t\t\t\t\t<\/div>\n\t\t\t\t<\/div>\n\t\t\t\t<div class=\"elementor-element elementor-element-55609bb elementor-widget elementor-widget-spacer\" data-id=\"55609bb\" data-element_type=\"widget\" data-widget_type=\"spacer.default\">\n\t\t\t\t<div class=\"elementor-widget-container\">\n\t\t\t\t\t\t\t<div class=\"elementor-spacer\">\n\t\t\t<div class=\"elementor-spacer-inner\"><\/div>\n\t\t<\/div>\n\t\t\t\t\t\t<\/div>\n\t\t\t\t<\/div>\n\t\t\t\t\t<\/div>\n\t\t\t\t<\/div>\n\t\t\t\t<\/div>\n\t\t","protected":false},"excerpt":{"rendered":"<p>Le STOC de Mayotte est le Suivi Temporel des Oiseaux Communs de Mayotte : un programme de sciences participatives auquel vous pouvez participer \u00e0 aux c\u00f4t\u00e9s du GEPOMAY ! Les oiseaux communs sont de tr\u00e8s bons indicateurs de l&rsquo;\u00e9tat de sant\u00e9 des \u00e9cosyst\u00e8mes notamment car ils sont sensibles aux modifications de leur habitat : d\u00e9gradation &hellip; <\/p>\n<p class=\"link-more\"><a href=\"https:\/\/gepomay.fr\/index.php\/projets\/stoc-udunga-nyunyi\/\" class=\"more-link\">Lire la suite de<span class=\"screen-reader-text\">\u00ab\u00a0STOC &#8211; Udunga nyunyi\u00a0\u00bb<\/span><\/a><\/p>\n","protected":false},"author":1,"featured_media":0,"parent":223,"menu_order":4,"comment_status":"closed","ping_status":"closed","template":"","meta":{"footnotes":""},"_links":{"self":[{"href":"https:\/\/gepomay.fr\/index.php\/wp-json\/wp\/v2\/pages\/2125"}],"collection":[{"href":"https:\/\/gepomay.fr\/index.php\/wp-json\/wp\/v2\/pages"}],"about":[{"href":"https:\/\/gepomay.fr\/index.php\/wp-json\/wp\/v2\/types\/page"}],"author":[{"embeddable":true,"href":"https:\/\/gepomay.fr\/index.php\/wp-json\/wp\/v2\/users\/1"}],"replies":[{"embeddable":true,"href":"https:\/\/gepomay.fr\/index.php\/wp-json\/wp\/v2\/comments?post=2125"}],"version-history":[{"count":45,"href":"https:\/\/gepomay.fr\/index.php\/wp-json\/wp\/v2\/pages\/2125\/revisions"}],"predecessor-version":[{"id":5884,"href":"https:\/\/gepomay.fr\/index.php\/wp-json\/wp\/v2\/pages\/2125\/revisions\/5884"}],"up":[{"embeddable":true,"href":"https:\/\/gepomay.fr\/index.php\/wp-json\/wp\/v2\/pages\/223"}],"wp:attachment":[{"href":"https:\/\/gepomay.fr\/index.php\/wp-json\/wp\/v2\/media?parent=2125"}],"curies":[{"name":"wp","href":"https:\/\/api.w.org\/{rel}","templated":true}]}}