{"id":142,"date":"2018-03-10T12:50:15","date_gmt":"2018-03-10T09:50:15","guid":{"rendered":"http:\/\/gepomay.fr\/?page_id=142"},"modified":"2026-03-11T17:47:36","modified_gmt":"2026-03-11T14:47:36","slug":"le-gepomay-recrute","status":"publish","type":"page","link":"https:\/\/gepomay.fr\/index.php\/gepomay\/le-gepomay-recrute\/","title":{"rendered":"Recrutement"},"content":{"rendered":"\t\t<div data-elementor-type=\"wp-page\" data-elementor-id=\"142\" class=\"elementor elementor-142\">\n\t\t\t\t<div class=\"elementor-element elementor-element-557900a9 e-flex e-con-boxed e-con e-parent\" data-id=\"557900a9\" data-element_type=\"container\">\n\t\t\t\t\t<div class=\"e-con-inner\">\n\t\t\t\t<div class=\"elementor-element elementor-element-dd7434c elementor-widget elementor-widget-heading\" data-id=\"dd7434c\" data-element_type=\"widget\" data-widget_type=\"heading.default\">\n\t\t\t\t<div class=\"elementor-widget-container\">\n\t\t\t\t\t<h2 class=\"elementor-heading-title elementor-size-default\"><h3><\/h3><\/h2>\t\t\t\t<\/div>\n\t\t\t\t<\/div>\n\t\t\t\t<div class=\"elementor-element elementor-element-71419a41 elementor-widget elementor-widget-text-editor\" data-id=\"71419a41\" data-element_type=\"widget\" data-widget_type=\"text-editor.default\">\n\t\t\t\t<div class=\"elementor-widget-container\">\n\t\t\t\t\t\t\t\t\t<p><!-- \/wp:tadv\/classic-paragraph --><\/p>\n<p><span style=\"color: #003366;\"><strong>CDI &#8211; Directeur\/Directrice du GEPOMAY<\/strong><\/span><!-- wp:tadv\/classic-paragraph \/--><\/p>\n<p>Prise de poste souhait\u00e9e : juillet-ao\u00fbt 2026 ; candidatures CV+LM \u00e0 transmettre avant le 19 avril 2026 \u00e0 l&rsquo;attention des membres du Conseil d&rsquo;Administration du GEPOMAY \u00e0 l&rsquo;adresse : emilien.dautrey@gepomay.fr<\/p>\n<p><a href=\"https:\/\/gepomay.fr\/wp-content\/uploads\/2026\/03\/2026_Offre-poste-direction-GEPOMAY.pdf\"><strong>T\u00e9l\u00e9charger la fiche de poste<\/strong><\/a><\/p>\n<p><span style=\"color: #003366;\"><strong>CDD 12 mois &#8211; Responsable du P\u00f4le Mobilisation citoyenne<\/strong><\/span><!-- wp:tadv\/classic-paragraph \/--><\/p>\n<p>Prise de poste souhait\u00e9e : mars-avril 2026 ; candidatures CV+LM \u00e0 transmettre avant le 16 mars 2026 \u00e0 l&rsquo;attention de la Pr\u00e9sidente et du Directeur du GEPOMAY \u00e0 l&rsquo;adresse : contact@gepomay.fr<\/p>\n<p><a href=\"https:\/\/gepomay.fr\/wp-content\/uploads\/2026\/02\/2026_Offre-responsable-pole-mobilisation-citoyenne-GEPOMAY_VF.pdf\"><strong>T\u00e9l\u00e9charger la fiche de poste<\/strong><\/a><\/p>\t\t\t\t\t\t\t\t<\/div>\n\t\t\t\t<\/div>\n\t\t\t\t<div class=\"elementor-element elementor-element-fa86a2f elementor-widget elementor-widget-spacer\" data-id=\"fa86a2f\" data-element_type=\"widget\" data-widget_type=\"spacer.default\">\n\t\t\t\t<div class=\"elementor-widget-container\">\n\t\t\t\t\t\t\t<div class=\"elementor-spacer\">\n\t\t\t<div class=\"elementor-spacer-inner\"><\/div>\n\t\t<\/div>\n\t\t\t\t\t\t<\/div>\n\t\t\t\t<\/div>\n\t\t\t\t\t<\/div>\n\t\t\t\t<\/div>\n\t\t\t\t<\/div>\n\t\t","protected":false},"excerpt":{"rendered":"<p>CDI &#8211; Directeur\/Directrice du GEPOMAY Prise de poste souhait\u00e9e : juillet-ao\u00fbt 2026 ; candidatures CV+LM \u00e0 transmettre avant le 19 avril 2026 \u00e0 l&rsquo;attention des membres du Conseil d&rsquo;Administration du GEPOMAY \u00e0 l&rsquo;adresse : emilien.dautrey@gepomay.fr T\u00e9l\u00e9charger la fiche de poste CDD 12 mois &#8211; Responsable du P\u00f4le Mobilisation citoyenne Prise de poste souhait\u00e9e : mars-avril &hellip; <\/p>\n<p class=\"link-more\"><a href=\"https:\/\/gepomay.fr\/index.php\/gepomay\/le-gepomay-recrute\/\" class=\"more-link\">Lire la suite de<span class=\"screen-reader-text\">\u00ab\u00a0Recrutement\u00a0\u00bb<\/span><\/a><\/p>\n","protected":false},"author":3,"featured_media":0,"parent":2,"menu_order":6,"comment_status":"closed","ping_status":"closed","template":"page-templates\/full-width-builder-bb.php","meta":{"footnotes":""},"_links":{"self":[{"href":"https:\/\/gepomay.fr\/index.php\/wp-json\/wp\/v2\/pages\/142"}],"collection":[{"href":"https:\/\/gepomay.fr\/index.php\/wp-json\/wp\/v2\/pages"}],"about":[{"href":"https:\/\/gepomay.fr\/index.php\/wp-json\/wp\/v2\/types\/page"}],"author":[{"embeddable":true,"href":"https:\/\/gepomay.fr\/index.php\/wp-json\/wp\/v2\/users\/3"}],"replies":[{"embeddable":true,"href":"https:\/\/gepomay.fr\/index.php\/wp-json\/wp\/v2\/comments?post=142"}],"version-history":[{"count":198,"href":"https:\/\/gepomay.fr\/index.php\/wp-json\/wp\/v2\/pages\/142\/revisions"}],"predecessor-version":[{"id":6616,"href":"https:\/\/gepomay.fr\/index.php\/wp-json\/wp\/v2\/pages\/142\/revisions\/6616"}],"up":[{"embeddable":true,"href":"https:\/\/gepomay.fr\/index.php\/wp-json\/wp\/v2\/pages\/2"}],"wp:attachment":[{"href":"https:\/\/gepomay.fr\/index.php\/wp-json\/wp\/v2\/media?parent=142"}],"curies":[{"name":"wp","href":"https:\/\/api.w.org\/{rel}","templated":true}]}}