{"id":1220,"date":"2019-12-30T09:37:44","date_gmt":"2019-12-30T06:37:44","guid":{"rendered":"http:\/\/gepomay.fr\/?page_id=1220"},"modified":"2025-07-23T11:20:29","modified_gmt":"2025-07-23T08:20:29","slug":"oiseaux-endemiques-de-mayotte","status":"publish","type":"page","link":"https:\/\/gepomay.fr\/index.php\/oiseaux-de-mayotte\/oiseaux-endemiques-de-mayotte\/","title":{"rendered":"Oiseaux end\u00e9miques de Mayotte"},"content":{"rendered":"\t\t<div data-elementor-type=\"wp-page\" data-elementor-id=\"1220\" class=\"elementor elementor-1220\">\n\t\t\t\t<div class=\"elementor-element elementor-element-6c83f8fc e-flex e-con-boxed e-con e-parent\" data-id=\"6c83f8fc\" data-element_type=\"container\">\n\t\t\t\t\t<div class=\"e-con-inner\">\n\t\t\t\t<div class=\"elementor-element elementor-element-cd87b27 elementor-widget elementor-widget-text-editor\" data-id=\"cd87b27\" data-element_type=\"widget\" data-widget_type=\"text-editor.default\">\n\t\t\t\t<div class=\"elementor-widget-container\">\n\t\t\t\t\t\t\t\t\t\n<p style=\"text-align: justify;\"><span style=\"color: #000000;\">L&rsquo;adjectif <em>\u00ab\u00a0end\u00e9mique\u00a0\u00bb<\/em> signifie qu&rsquo;une esp\u00e8ce n&rsquo;est pr\u00e9sente que sur une aire g\u00e9ographique limit\u00e9e, on parle d&rsquo;end\u00e9misme. \u00c0 Mayotte, <strong>quatre esp\u00e8ces d&rsquo;oiseaux sont end\u00e9miques,<\/strong> c&rsquo;est-\u00e0-dire qu&rsquo;elles ne vivent que sur l&rsquo;\u00eele. <\/span><\/p>\n<p style=\"text-align: justify;\"><span style=\"color: #000000;\">Cliquez sur le nom de l&rsquo;oiseau pour en apprendre davantage !<\/span><\/p>\t\t\t\t\t\t\t\t<\/div>\n\t\t\t\t<\/div>\n\t\t\t\t<div class=\"elementor-element elementor-element-ea9faaa elementor-widget elementor-widget-text-editor\" data-id=\"ea9faaa\" data-element_type=\"widget\" data-widget_type=\"text-editor.default\">\n\t\t\t\t<div class=\"elementor-widget-container\">\n\t\t\t\t\t\t\t\t\t<p><style>\n  .bird-gallery {\n    display: flex;\n    flex-wrap: wrap;\n    justify-content: space-between;\n    gap: 24px;\n    margin: 20px auto;\n    max-width: 1000px;\n  }\n\n  .bird-gallery figure {\n    flex: 0 0 48%;\n    background-color: #f5faff;\n    border: 1px solid #cce4f7;\n    border-radius: 12px;\n    overflow: hidden;\n    padding: 12px;\n    box-shadow: 0 2px 6px rgba(0, 0, 0, 0.1);\n    font-family: Roboto, sans-serif;\n    text-align: center;\n  }\n\n  .bird-gallery img {\n    width: 100%;\n    height: auto;\n    border-radius: 8px;\n    display: block;\n    object-fit: cover;\n  }\n\n  .bird-gallery figcaption {\n    margin-top: 10px;\n    font-size: 14px;\n    color: #084d8a;\n    line-height: 1.5;\n  }\n\n  .bird-gallery figcaption a {\n    color: #2a7ecb;\n    text-decoration: none;\n  }\n\n  .bird-gallery figcaption a:hover {\n    text-decoration: underline;\n    color: #1a5f9e;\n  }\n\n  @media (max-width: 768px) {\n    .bird-gallery figure {\n      flex: 0 0 100%;\n    }\n  }\n<\/style><\/p>\n<div class=\"bird-gallery\">\n<figure><img decoding=\"async\" src=\"http:\/\/gepomay.fr\/wp-content\/uploads\/2018\/03\/2011.09.14_adt_3900_nikon_d7000_lrbis-1024x576.jpg\" alt=\"Souimanga de Mayotte\" \/>\n<figcaption><strong><a href=\"http:\/\/gepomay.fr\/index.php\/2020\/05\/26\/nouvelle-fiche-oiseau-le-souimanga-de-mayotte\/\">Souimanga de Mayotte<\/a><\/strong>, <em>Cinnyris coquerellii<\/em><br \/>\u00a9Gilles Adt<\/figcaption>\n<\/figure>\n<figure><img decoding=\"async\" src=\"http:\/\/gepomay.fr\/wp-content\/uploads\/2019\/10\/GEP9388-1024x683.jpg\" alt=\"Petit duc de Mayotte\" \/>\n<figcaption><strong><a href=\"https:\/\/gepomay.fr\/index.php\/2021\/06\/15\/loiseau-du-mois-le-petit-duc-de-mayotte\/\" target=\"_blank\" rel=\"noreferrer noopener\">Petit duc de Mayotte<\/a><\/strong>, <em>Otus mayottensis<\/em><br \/>\u00a9Thomas Ferrari &#8211; GEPOMAY<\/figcaption>\n<\/figure>\n<figure><img decoding=\"async\" src=\"http:\/\/gepomay.fr\/wp-content\/uploads\/2019\/12\/drongo-cred-nathalie-santa-maria-1.jpg\" alt=\"Drongo de Mayotte\" \/>\n<figcaption><strong><a href=\"http:\/\/gepomay.fr\/index.php\/2020\/06\/02\/nouvelle-fiche-oiseau-le-drongo-de-mayotte\/\">Drongo de Mayotte<\/a><\/strong>, <em>Dicrurus waldenii<\/em><br \/>\u00a9Nathalie Santa Maria<\/figcaption>\n<\/figure>\n<figure><img decoding=\"async\" src=\"http:\/\/gepomay.fr\/wp-content\/uploads\/2020\/07\/Zost\u00e9rops-de-Mayotte_GEPOMAY-1024x680.jpg\" alt=\"Zost\u00e9rops de Mayotte\" \/>\n<figcaption><strong><a href=\"https:\/\/gepomay.fr\/index.php\/2022\/09\/01\/loiseau-du-mois-le-zosterops-de-mayotte\/\" target=\"_blank\" rel=\"noreferrer noopener\">Zost\u00e9rops de Mayotte<\/a><\/strong>, <em>Zosterops mayottensis<\/em><br \/>\u00a9GEPOMAY<\/figcaption>\n<\/figure>\n<\/div>\t\t\t\t\t\t\t\t<\/div>\n\t\t\t\t<\/div>\n\t\t\t\t<div class=\"elementor-element elementor-element-1eb1ccc elementor-widget elementor-widget-spacer\" data-id=\"1eb1ccc\" data-element_type=\"widget\" data-widget_type=\"spacer.default\">\n\t\t\t\t<div class=\"elementor-widget-container\">\n\t\t\t\t\t\t\t<div class=\"elementor-spacer\">\n\t\t\t<div class=\"elementor-spacer-inner\"><\/div>\n\t\t<\/div>\n\t\t\t\t\t\t<\/div>\n\t\t\t\t<\/div>\n\t\t\t\t<div class=\"elementor-element elementor-element-1a9d0e9 elementor-widget elementor-widget-text-editor\" data-id=\"1a9d0e9\" data-element_type=\"widget\" data-widget_type=\"text-editor.default\">\n\t\t\t\t<div class=\"elementor-widget-container\">\n\t\t\t\t\t\t\t\t\t<style>\n  .subspecies-wrapper {\n    background-color: #f5faff;\n    border: 1px solid #cce4f7;\n    border-radius: 12px;\n    padding: 20px;\n    max-width: 1100px;\n    margin: 30px auto;\n    font-family: Roboto, sans-serif;\n    box-shadow: 0 2px 8px rgba(0, 0, 0, 0.08);\n  }\n\n  .subspecies-wrapper h3 {\n    text-align: center;\n    color: #084d8a;\n    margin-bottom: 24px;\n    font-size: 1.2rem;\n  }\n\n  .subspecies-gallery {\n    display: flex;\n    justify-content: space-between;\n    gap: 20px;\n    flex-wrap: wrap;\n  }\n\n  .subspecies-gallery figure {\n    flex: 1 1 30%;\n    text-align: center;\n    background-color: #ffffff;\n    border: 1px solid #cce4f7;\n    border-radius: 10px;\n    padding: 12px;\n    box-shadow: 0 1px 4px rgba(0,0,0,0.06);\n  }\n\n  .subspecies-gallery img {\n    width: 100%;\n    height: 220px;\n    object-fit: cover;\n    border-radius: 8px;\n  }\n\n  \/* Recadrage sp\u00e9cifique pour la premi\u00e8re image *\/\n  .subspecies-gallery figure:first-child img {\n    object-position: center top;\n  }\n\n  .subspecies-gallery figcaption {\n    font-size: 14px;\n    color: #084d8a;\n    margin-top: 10px;\n    line-height: 1.5;\n  }\n\n  .subspecies-gallery figcaption a {\n    color: #2a7ecb;\n    text-decoration: none;\n  }\n\n  .subspecies-gallery figcaption a:hover {\n    text-decoration: underline;\n    color: #1a5f9e;\n  }\n\n  .subspecies-gallery .link-button {\n    display: inline-block;\n    margin-top: 8px;\n    padding: 6px 14px;\n    background-color: #2a7ecb;\n    color: white;\n    font-size: 13px;\n    font-weight: bold;\n    text-decoration: none;\n    border-radius: 6px;\n    transition: background-color 0.3s;\n  }\n\n  .subspecies-gallery .link-button:hover {\n    background-color: #1a5f9e;\n  }\n\n  @media (max-width: 768px) {\n    .subspecies-gallery {\n      flex-direction: column;\n    }\n\n    .subspecies-gallery figure {\n      flex: 1 1 100%;\n    }\n\n    .subspecies-gallery img {\n      height: 180px;\n    }\n  }\n<\/style>\n\n<div class=\"subspecies-wrapper\">\n  <h3><strong>Il existe \u00e9galement trois sous-esp\u00e8ces d&rsquo;oiseaux end\u00e9miques de Mayotte.<\/strong><\/h3>\n  <div class=\"subspecies-gallery\">\n    \n    <figure>\n      <img decoding=\"async\" src=\"http:\/\/gepomay.fr\/wp-content\/uploads\/2020\/07\/epervier-de-frances-932x1024.jpg\" alt=\"\u00c9pervier de Franc\u00e8s\" \/>\n      <figcaption>\n        <strong>\u00c9pervier de Franc\u00e8s<\/strong>, <em>Accipiter francesii brutus<\/em><br \/>\u00a9 Gilles Adt\n      <\/figcaption>\n      <a class=\"link-button\" href=\"http:\/\/gepomay.fr\/index.php\/2019\/12\/13\/nouvelle-fiche-oiseau-lepervier-de-frances\/\" target=\"_blank\" rel=\"noopener\">Voir la fiche<\/a>\n    <\/figure>\n\n    <figure>\n      <img decoding=\"async\" src=\"http:\/\/gepomay.fr\/wp-content\/uploads\/2020\/07\/CMD0285-1024x679.jpg\" alt=\"Foudi des Comores\" \/>\n      <figcaption>\n        <strong>Foudi des Comores<\/strong>, <em>Foudia eminentissima algondae<\/em><br \/>\u00a9 Lo\u00efc Epelboin\n      <\/figcaption>\n      <a class=\"link-button\" href=\"http:\/\/gepomay.fr\/index.php\/2020\/08\/21\/les-oiseaux-du-mois-foudi-des-comores-et-foudi-de-madagascar\/\" target=\"_blank\" rel=\"noopener\">Voir la fiche<\/a>\n    <\/figure>\n\n    <figure>\n      <img decoding=\"async\" src=\"http:\/\/gepomay.fr\/wp-content\/uploads\/2020\/07\/moucherolle-2-1024x595.jpg\" alt=\"Moucherolle de Madagascar\" \/>\n      <figcaption>\n        <strong>Moucherolle de Madagascar<\/strong>, <em>Terpsiphone mutata pretiosa<\/em><br \/>\u00a9 GEPOMAY\n      <\/figcaption>\n      <a class=\"link-button\" href=\"http:\/\/gepomay.fr\/index.php\/2020\/12\/22\/loiseau-du-mois-le-moucheronne-de-madagascar\/\" target=\"_blank\" rel=\"noopener\">Voir la fiche<\/a>\n    <\/figure>\n\n  <\/div>\n<\/div>\n\t\t\t\t\t\t\t\t<\/div>\n\t\t\t\t<\/div>\n\t\t\t\t<div class=\"elementor-element elementor-element-a2624c2 elementor-widget elementor-widget-spacer\" data-id=\"a2624c2\" data-element_type=\"widget\" data-widget_type=\"spacer.default\">\n\t\t\t\t<div class=\"elementor-widget-container\">\n\t\t\t\t\t\t\t<div class=\"elementor-spacer\">\n\t\t\t<div class=\"elementor-spacer-inner\"><\/div>\n\t\t<\/div>\n\t\t\t\t\t\t<\/div>\n\t\t\t\t<\/div>\n\t\t\t\t\t<\/div>\n\t\t\t\t<\/div>\n\t\t\t\t<\/div>\n\t\t","protected":false},"excerpt":{"rendered":"<p>L&rsquo;adjectif \u00ab\u00a0end\u00e9mique\u00a0\u00bb signifie qu&rsquo;une esp\u00e8ce n&rsquo;est pr\u00e9sente que sur une aire g\u00e9ographique limit\u00e9e, on parle d&rsquo;end\u00e9misme. \u00c0 Mayotte, quatre esp\u00e8ces d&rsquo;oiseaux sont end\u00e9miques, c&rsquo;est-\u00e0-dire qu&rsquo;elles ne vivent que sur l&rsquo;\u00eele. Cliquez sur le nom de l&rsquo;oiseau pour en apprendre davantage ! Souimanga de Mayotte, Cinnyris coquerellii\u00a9Gilles Adt Petit duc de Mayotte, Otus mayottensis\u00a9Thomas Ferrari &#8211; &hellip; <\/p>\n<p class=\"link-more\"><a href=\"https:\/\/gepomay.fr\/index.php\/oiseaux-de-mayotte\/oiseaux-endemiques-de-mayotte\/\" class=\"more-link\">Lire la suite de<span class=\"screen-reader-text\">\u00ab\u00a0Oiseaux end\u00e9miques de Mayotte\u00a0\u00bb<\/span><\/a><\/p>\n","protected":false},"author":1,"featured_media":0,"parent":91,"menu_order":3,"comment_status":"closed","ping_status":"closed","template":"","meta":{"footnotes":""},"_links":{"self":[{"href":"https:\/\/gepomay.fr\/index.php\/wp-json\/wp\/v2\/pages\/1220"}],"collection":[{"href":"https:\/\/gepomay.fr\/index.php\/wp-json\/wp\/v2\/pages"}],"about":[{"href":"https:\/\/gepomay.fr\/index.php\/wp-json\/wp\/v2\/types\/page"}],"author":[{"embeddable":true,"href":"https:\/\/gepomay.fr\/index.php\/wp-json\/wp\/v2\/users\/1"}],"replies":[{"embeddable":true,"href":"https:\/\/gepomay.fr\/index.php\/wp-json\/wp\/v2\/comments?post=1220"}],"version-history":[{"count":28,"href":"https:\/\/gepomay.fr\/index.php\/wp-json\/wp\/v2\/pages\/1220\/revisions"}],"predecessor-version":[{"id":5974,"href":"https:\/\/gepomay.fr\/index.php\/wp-json\/wp\/v2\/pages\/1220\/revisions\/5974"}],"up":[{"embeddable":true,"href":"https:\/\/gepomay.fr\/index.php\/wp-json\/wp\/v2\/pages\/91"}],"wp:attachment":[{"href":"https:\/\/gepomay.fr\/index.php\/wp-json\/wp\/v2\/media?parent=1220"}],"curies":[{"name":"wp","href":"https:\/\/api.w.org\/{rel}","templated":true}]}}