{"id":122,"date":"2018-03-09T13:48:39","date_gmt":"2018-03-09T10:48:39","guid":{"rendered":"http:\/\/gepomay.fr\/?page_id=122"},"modified":"2025-07-22T11:58:52","modified_gmt":"2025-07-22T08:58:52","slug":"enrm","status":"publish","type":"page","link":"https:\/\/gepomay.fr\/index.php\/projets\/enrm\/","title":{"rendered":"Esp\u00e8ces nicheuses rares et menac\u00e9es"},"content":{"rendered":"\t\t<div data-elementor-type=\"wp-page\" data-elementor-id=\"122\" class=\"elementor elementor-122\">\n\t\t\t\t<div class=\"elementor-element elementor-element-44ecdd62 e-flex e-con-boxed e-con e-parent\" data-id=\"44ecdd62\" data-element_type=\"container\">\n\t\t\t\t\t<div class=\"e-con-inner\">\n\t\t\t\t<div class=\"elementor-element elementor-element-8446c94 elementor-widget elementor-widget-text-editor\" data-id=\"8446c94\" data-element_type=\"widget\" data-widget_type=\"text-editor.default\">\n\t\t\t\t<div class=\"elementor-widget-container\">\n\t\t\t\t\t\t\t\t\t<p><span style=\"font-weight font-size: 13pt; color: #333333;\">Depuis 2013, le GEPOMAY surveille <strong>trois Esp\u00e8ces Nicheuses Rares et Menac\u00e9es<\/strong> (ENRM) \u00e0 Mayotte.<\/span><\/p>\t\t\t\t\t\t\t\t<\/div>\n\t\t\t\t<\/div>\n\t\t\t\t<div class=\"elementor-element elementor-element-351dee1 elementor-widget elementor-widget-text-editor\" data-id=\"351dee1\" data-element_type=\"widget\" data-widget_type=\"text-editor.default\">\n\t\t\t\t<div class=\"elementor-widget-container\">\n\t\t\t\t\t\t\t\t\t<div style=\"display: flex; gap: 20px; flex-wrap: wrap; justify-content: center; margin-bottom: 20px;\">\n\n  <figure style=\"flex: 1; min-width: 300px; max-width: 32%; text-align: center; margin: 0;\">\n    <img decoding=\"async\" \n      src=\"https:\/\/gepomay.fr\/wp-content\/uploads\/2023\/05\/Heron-humblot-scaled.jpg\" \n      alt=\"H\u00e9ron du Humblot\" \n      style=\"width: 100%; height: 400px; object-fit: cover; object-position: top; border-radius: 5px;\" \/>\n    <figcaption style=\"margin-top: 8px; font-size: 14px; color: #555;\">H\u00e9ron du Humblot \u00a9 GEPOMAY<\/figcaption>\n  <\/figure>\n\n  <figure style=\"flex: 1; min-width: 300px; max-width: 32%; text-align: center; margin: 0;\">\n    <img decoding=\"async\" \n      src=\"https:\/\/gepomay.fr\/wp-content\/uploads\/2023\/05\/Faucon-pelerin_T.-Ferrari.jpg\" \n      alt=\"Faucon p\u00e8lerin\" \n      style=\"width: 100%; height: 400px; object-fit: cover; object-position: top; border-radius: 5px;\" \/>\n    <figcaption style=\"margin-top: 8px; font-size: 14px; color: #555;\">Faucon p\u00e8lerin \u00a9 Thomas Ferrari, GEPOMAY<\/figcaption>\n  <\/figure>\n\n  <figure style=\"flex: 1; min-width: 300px; max-width: 32%; text-align: center; margin: 0;\">\n    <img decoding=\"async\" \n      src=\"https:\/\/gepomay.fr\/wp-content\/uploads\/2023\/02\/2016.11.12_ADT4555NIKON-D500-ModifierLR.jpg\" \n      alt=\"R\u00e2le de Cuvier\" \n      style=\"width: 100%; height: 400px; object-fit: cover; object-position: top; border-radius: 5px;\" \/>\n    <figcaption style=\"margin-top: 8px; font-size: 14px; color: #555;\">R\u00e2le de Cuvier \u00a9 Gilles Adt<\/figcaption>\n  <\/figure>\n\n<\/div>\n\t\t\t\t\t\t\t\t<\/div>\n\t\t\t\t<\/div>\n\t\t\t\t<div class=\"elementor-element elementor-element-7dd2e3e elementor-widget elementor-widget-heading\" data-id=\"7dd2e3e\" data-element_type=\"widget\" data-widget_type=\"heading.default\">\n\t\t\t\t<div class=\"elementor-widget-container\">\n\t\t\t\t\t<h2 class=\"elementor-heading-title elementor-size-default\"><!-- Section contexte-->\n<div style=\"background-color: #7caacb;color: white;padding: 5px 30px;border-radius: 30px;text-align: center;margin-bottom: 20px\">\n    <h2 style=\"font-size: 22px;margin: 0;color: #ffffff;font-weight: bold\">Le Faucon p\u00e8lerin, Falco peregrinus, un rapace class\u00e9 vuln\u00e9rable \u00e0 l\u2019\u00e9chelle nationale<\/h2><\/h2>\t\t\t\t<\/div>\n\t\t\t\t<\/div>\n\t\t\t\t<div class=\"elementor-element elementor-element-a25491d elementor-widget elementor-widget-text-editor\" data-id=\"a25491d\" data-element_type=\"widget\" data-widget_type=\"text-editor.default\">\n\t\t\t\t<div class=\"elementor-widget-container\">\n\t\t\t\t\t\t\t\t\t<p style=\"text-align: justify;\"><span style=\"font-family: 'Open Sans',sans-serif; color: black; background: white;\">Suspect\u00e9e depuis plusieurs ann\u00e9es, <strong>la reproduction du Faucon p\u00e8lerin \u00e0 Mayotte a \u00e9t\u00e9 confirm\u00e9e en 2014 par le GEPOMAY<\/strong>. Malheureusement, le nombre de sites naturels potentiels favorables \u00e0 sa nidification est estim\u00e9 \u00e0 une dizaine tout au plus. Notre association continue de suivre cette esp\u00e8ce sur son premier site de reproduction av\u00e9r\u00e9. En 2022 et en 2023, le GEPOMAY se concentre sur un nouveau site potentiel en partenariat avec les Naturalistes de Mayotte : l\u2019Espace Naturel Sensible de Bou\u00e9ni.<\/span><\/p>\t\t\t\t\t\t\t\t<\/div>\n\t\t\t\t<\/div>\n\t\t\t\t<div class=\"elementor-element elementor-element-5889ff0 elementor-widget elementor-widget-spacer\" data-id=\"5889ff0\" data-element_type=\"widget\" data-widget_type=\"spacer.default\">\n\t\t\t\t<div class=\"elementor-widget-container\">\n\t\t\t\t\t\t\t<div class=\"elementor-spacer\">\n\t\t\t<div class=\"elementor-spacer-inner\"><\/div>\n\t\t<\/div>\n\t\t\t\t\t\t<\/div>\n\t\t\t\t<\/div>\n\t\t\t\t<div class=\"elementor-element elementor-element-b59f99f elementor-widget elementor-widget-heading\" data-id=\"b59f99f\" data-element_type=\"widget\" data-widget_type=\"heading.default\">\n\t\t\t\t<div class=\"elementor-widget-container\">\n\t\t\t\t\t<h2 class=\"elementor-heading-title elementor-size-default\"><!-- Section contexte-->\n<div style=\"background-color: #7caacb;color: white;padding: 5px 30px;border-radius: 30px;text-align: center;margin-bottom: 20px\">\n    <h2 style=\"font-size: 22px;margin: 0;color: #ffffff;font-weight: bold\">Le H\u00e9ron de Humblot, Ardea humbloti, une esp\u00e8ce en danger d\u2019extinction mondiale<\/h2><\/h2>\t\t\t\t<\/div>\n\t\t\t\t<\/div>\n\t\t\t\t<div class=\"elementor-element elementor-element-9d62ab9 elementor-widget elementor-widget-text-editor\" data-id=\"9d62ab9\" data-element_type=\"widget\" data-widget_type=\"text-editor.default\">\n\t\t\t\t<div class=\"elementor-widget-container\">\n\t\t\t\t\t\t\t\t\t<p><span style=\"font-family: 'Open Sans',sans-serif; color: black; background: white;\">La d\u00e9couverte d\u2019une colonie de <strong>trois couples nicheurs de H\u00e9rons de Humblot \u00e0 Mayotte en 2015<\/strong> a permis de r\u00e9-envisager l\u2019aire de r\u00e9partition de cette esp\u00e8ce, jusqu\u2019alors consid\u00e9r\u00e9e end\u00e9mique de Madagascar. La compr\u00e9hension de cette petite population mahoraise est indispensable pour sa protection. En l\u2019attente d\u2019un financement pour d\u00e9velopper un plus important projet propre \u00e0 l\u2019esp\u00e8ce, le GEPOMAY suit les individus dans le cadre de <a href=\"https:\/\/gepomay.fr\/index.php\/projets\/oocm\/\" target=\"_blank\" rel=\"noopener\">l\u2019Observatoire des Oiseaux C\u00f4tiers de Mayotte<\/a>.<\/span><\/p>\t\t\t\t\t\t\t\t<\/div>\n\t\t\t\t<\/div>\n\t\t\t\t<div class=\"elementor-element elementor-element-c8fd221 elementor-widget elementor-widget-spacer\" data-id=\"c8fd221\" data-element_type=\"widget\" data-widget_type=\"spacer.default\">\n\t\t\t\t<div class=\"elementor-widget-container\">\n\t\t\t\t\t\t\t<div class=\"elementor-spacer\">\n\t\t\t<div class=\"elementor-spacer-inner\"><\/div>\n\t\t<\/div>\n\t\t\t\t\t\t<\/div>\n\t\t\t\t<\/div>\n\t\t\t\t<div class=\"elementor-element elementor-element-b5350dd elementor-widget elementor-widget-heading\" data-id=\"b5350dd\" data-element_type=\"widget\" data-widget_type=\"heading.default\">\n\t\t\t\t<div class=\"elementor-widget-container\">\n\t\t\t\t\t<h2 class=\"elementor-heading-title elementor-size-default\"><!-- Section contexte-->\n<div style=\"background-color: #7caacb;color: white;padding: 5px 30px;border-radius: 30px;text-align: center;margin-bottom: 20px\">\n    <h2 style=\"font-size: 22px;margin: 0;color: #ffffff;font-weight: bold\">Le R\u00e2le de Cuvier, Dryolimnas cuvieri, une esp\u00e8ce que l\u2019on pensait disparue de Mayotte\n<\/h2><\/h2>\t\t\t\t<\/div>\n\t\t\t\t<\/div>\n\t\t\t\t<div class=\"elementor-element elementor-element-7c67859 elementor-widget elementor-widget-text-editor\" data-id=\"7c67859\" data-element_type=\"widget\" data-widget_type=\"text-editor.default\">\n\t\t\t\t<div class=\"elementor-widget-container\">\n\t\t\t\t\t\t\t\t\t<p><span style=\"color: #000000;\"><span style=\"font-family: 'Open Sans', sans-serif; text-align: justify; font-weight: 400; font-size: 18px;\">Tr\u00e8s bien cach\u00e9e dans les zones humides de Mayotte, cette esp\u00e8ce est peu connue et son statut n\u2019est donc pas encore \u00e9valu\u00e9. <\/span><strong style=\"font-family: 'Open Sans', sans-serif; text-align: justify; font-size: 18px;\">Des observations de cette esp\u00e8ce sont report\u00e9es d\u00e8s 2009<\/strong><\/span><span style=\"font-family: 'Open Sans', sans-serif; text-align: justify; font-weight: 400; font-size: 18px;\"><span style=\"color: #000000;\">. Des prospections sont r\u00e9alis\u00e9es par le GEPOMAY entre 2015 et 2016 dans le cadre du recensement des ENRM : apr\u00e8s plusieurs contacts,<\/span> <\/span><a style=\"font-family: 'Open Sans', sans-serif; text-align: justify; font-weight: 400; font-size: 18px;\" href=\"https:\/\/gepomay.fr\/wp-content\/uploads\/2019\/10\/rale_cuvier_GEPOMAY_2019.pdf\" target=\"_blank\" rel=\"noopener\">le recensement du R\u00e2le de Cuvier est r\u00e9alis\u00e9 en 2017\/2018. <\/a><span style=\"font-family: 'Open Sans', sans-serif; text-align: justify; font-weight: 400; font-size: 18px;\">.<\/span><\/p>\t\t\t\t\t\t\t\t<\/div>\n\t\t\t\t<\/div>\n\t\t\t\t<div class=\"elementor-element elementor-element-e0af007 elementor-widget elementor-widget-spacer\" data-id=\"e0af007\" data-element_type=\"widget\" data-widget_type=\"spacer.default\">\n\t\t\t\t<div class=\"elementor-widget-container\">\n\t\t\t\t\t\t\t<div class=\"elementor-spacer\">\n\t\t\t<div class=\"elementor-spacer-inner\"><\/div>\n\t\t<\/div>\n\t\t\t\t\t\t<\/div>\n\t\t\t\t<\/div>\n\t\t\t\t\t<\/div>\n\t\t\t\t<\/div>\n\t\t\t\t<\/div>\n\t\t","protected":false},"excerpt":{"rendered":"<p>Depuis 2013, le GEPOMAY surveille trois Esp\u00e8ces Nicheuses Rares et Menac\u00e9es (ENRM) \u00e0 Mayotte. H\u00e9ron du Humblot \u00a9 GEPOMAY Faucon p\u00e8lerin \u00a9 Thomas Ferrari, GEPOMAY R\u00e2le de Cuvier \u00a9 Gilles Adt Le Faucon p\u00e8lerin, Falco peregrinus, un rapace class\u00e9 vuln\u00e9rable \u00e0 l\u2019\u00e9chelle nationale Suspect\u00e9e depuis plusieurs ann\u00e9es, la reproduction du Faucon p\u00e8lerin \u00e0 Mayotte a &hellip; <\/p>\n<p class=\"link-more\"><a href=\"https:\/\/gepomay.fr\/index.php\/projets\/enrm\/\" class=\"more-link\">Lire la suite de<span class=\"screen-reader-text\">\u00ab\u00a0Esp\u00e8ces nicheuses rares et menac\u00e9es\u00a0\u00bb<\/span><\/a><\/p>\n","protected":false},"author":1,"featured_media":0,"parent":223,"menu_order":3,"comment_status":"closed","ping_status":"closed","template":"","meta":{"footnotes":""},"_links":{"self":[{"href":"https:\/\/gepomay.fr\/index.php\/wp-json\/wp\/v2\/pages\/122"}],"collection":[{"href":"https:\/\/gepomay.fr\/index.php\/wp-json\/wp\/v2\/pages"}],"about":[{"href":"https:\/\/gepomay.fr\/index.php\/wp-json\/wp\/v2\/types\/page"}],"author":[{"embeddable":true,"href":"https:\/\/gepomay.fr\/index.php\/wp-json\/wp\/v2\/users\/1"}],"replies":[{"embeddable":true,"href":"https:\/\/gepomay.fr\/index.php\/wp-json\/wp\/v2\/comments?post=122"}],"version-history":[{"count":22,"href":"https:\/\/gepomay.fr\/index.php\/wp-json\/wp\/v2\/pages\/122\/revisions"}],"predecessor-version":[{"id":5867,"href":"https:\/\/gepomay.fr\/index.php\/wp-json\/wp\/v2\/pages\/122\/revisions\/5867"}],"up":[{"embeddable":true,"href":"https:\/\/gepomay.fr\/index.php\/wp-json\/wp\/v2\/pages\/223"}],"wp:attachment":[{"href":"https:\/\/gepomay.fr\/index.php\/wp-json\/wp\/v2\/media?parent=122"}],"curies":[{"name":"wp","href":"https:\/\/api.w.org\/{rel}","templated":true}]}}